CRAN Package Check Results for Package functional

Last updated on 2021-06-22 22:56:35 CEST.

Flavor Version Tinstall Tcheck Ttotal Status Flags
r-devel-linux-x86_64-debian-clang 0.6 1.84 20.75 22.59 NOTE
r-devel-linux-x86_64-debian-gcc 0.6 1.45 16.22 17.67 NOTE
r-devel-linux-x86_64-fedora-clang 0.6 36.47 NOTE
r-devel-linux-x86_64-fedora-gcc 0.6 26.25 NOTE
r-devel-windows-x86_64 0.6 3.00 24.00 27.00 NOTE
r-devel-windows-x86_64-gcc10-UCRT 0.6 NOTE
r-patched-linux-x86_64 0.6 1.71 19.96 21.67 NOTE
r-patched-solaris-x86 0.6 40.70 NOTE
r-release-linux-x86_64 0.6 1.81 20.00 21.81 NOTE
r-release-macos-arm64 0.6 NOTE
r-release-macos-x86_64 0.6 NOTE
r-release-windows-ix86+x86_64 0.6 3.00 23.00 26.00 NOTE
r-oldrel-macos-x86_64 0.6 NOTE
r-oldrel-windows-ix86+x86_64 0.6 3.00 25.00 28.00 NOTE

Check Details

Version: 0.6
Check: DESCRIPTION meta-information
Result: NOTE
    Malformed Description field: should contain one or more complete sentences.
Flavors: r-devel-linux-x86_64-debian-clang, r-devel-linux-x86_64-debian-gcc, r-devel-linux-x86_64-fedora-clang, r-devel-linux-x86_64-fedora-gcc, r-devel-windows-x86_64, r-devel-windows-x86_64-gcc10-UCRT, r-patched-linux-x86_64, r-patched-solaris-x86, r-release-linux-x86_64, r-release-macos-arm64, r-release-macos-x86_64, r-release-windows-ix86+x86_64, r-oldrel-macos-x86_64, r-oldrel-windows-ix86+x86_64