Last updated on 2023-10-01 23:03:45 CEST.
Flavor | Version | Tinstall | Tcheck | Ttotal | Status | Flags |
---|---|---|---|---|---|---|
r-devel-linux-x86_64-debian-clang | 1.0.1 | 38.86 | 118.76 | 157.62 | NOTE | |
r-devel-linux-x86_64-debian-gcc | 1.0.1 | 30.60 | 92.38 | 122.98 | NOTE | |
r-devel-linux-x86_64-fedora-clang | 1.0.1 | 210.27 | NOTE | |||
r-devel-linux-x86_64-fedora-gcc | 1.0.1 | 213.95 | NOTE | |||
r-devel-windows-x86_64 | 1.0.1 | 32.00 | 135.00 | 167.00 | NOTE | |
r-patched-linux-x86_64 | 1.0.1 | 39.01 | 117.50 | 156.51 | NOTE | |
r-release-linux-x86_64 | 1.0.1 | 38.09 | 116.83 | 154.92 | NOTE | |
r-release-macos-arm64 | 1.0.1 | 81.00 | NOTE | |||
r-release-macos-x86_64 | 1.0.1 | 113.00 | NOTE | |||
r-release-windows-x86_64 | 1.0.1 | 48.00 | 154.00 | 202.00 | NOTE | |
r-oldrel-macos-arm64 | 1.0.1 | 73.00 | NOTE | |||
r-oldrel-macos-x86_64 | 1.0.1 | 195.00 | NOTE | |||
r-oldrel-windows-x86_64 | 1.0.1 | 39.00 | 152.00 | 191.00 | NOTE |
Version: 1.0.1
Check: LazyData
Result: NOTE
'LazyData' is specified without a 'data' directory
Flavors: r-devel-linux-x86_64-debian-clang, r-devel-linux-x86_64-debian-gcc, r-devel-linux-x86_64-fedora-clang, r-devel-linux-x86_64-fedora-gcc, r-devel-windows-x86_64, r-patched-linux-x86_64, r-release-linux-x86_64, r-release-macos-arm64, r-release-macos-x86_64, r-release-windows-x86_64, r-oldrel-macos-arm64, r-oldrel-macos-x86_64, r-oldrel-windows-x86_64
Version: 1.0.1
Check: installed package size
Result: NOTE
installed size is 5.3Mb
sub-directories of 1Mb or more:
libs 5.1Mb
Flavors: r-release-macos-arm64, r-oldrel-macos-arm64, r-oldrel-macos-x86_64