CRAN Package Check Results for Package fusionclust

Last updated on 2020-02-22 22:47:46 CET.

Flavor Version Tinstall Tcheck Ttotal Status Flags
r-devel-linux-x86_64-debian-clang 1.0.0 7.80 79.62 87.42 OK
r-devel-linux-x86_64-debian-gcc 1.0.0 7.75 60.96 68.71 OK
r-devel-linux-x86_64-fedora-clang 1.0.0 107.49 OK
r-devel-linux-x86_64-fedora-gcc 1.0.0 106.77 OK
r-devel-windows-ix86+x86_64 1.0.0 16.00 87.00 103.00 OK
r-devel-windows-ix86+x86_64-gcc8 1.0.0 24.00 120.00 144.00 OK
r-patched-linux-x86_64 1.0.0 NOTE
r-patched-solaris-x86 1.0.0 150.40 OK
r-release-linux-x86_64 1.0.0 6.77 68.30 75.07 NOTE
r-release-windows-ix86+x86_64 1.0.0 13.00 84.00 97.00 OK
r-release-osx-x86_64 1.0.0 OK
r-oldrel-windows-ix86+x86_64 1.0.0 11.00 82.00 93.00 OK
r-oldrel-osx-x86_64 1.0.0 OK

Check Details

Version: 1.0.0
Check: DESCRIPTION meta-information
Result: NOTE
    Dependence on R version ‘3.4.1’ not with patchlevel 0
Flavors: r-patched-linux-x86_64, r-release-linux-x86_64