CRAN Package Check Results for Package fusionclust

Last updated on 2022-05-19 22:54:10 CEST.

Flavor Version Tinstall Tcheck Ttotal Status Flags
r-devel-linux-x86_64-debian-clang 1.0.0 7.32 100.83 108.15 NOTE
r-devel-linux-x86_64-debian-gcc 1.0.0 8.22 77.53 85.75 NOTE
r-devel-linux-x86_64-fedora-clang 1.0.0 130.86 NOTE
r-devel-linux-x86_64-fedora-gcc 1.0.0 130.15 NOTE
r-devel-windows-x86_64 1.0.0 19.00 115.00 134.00 NOTE
r-patched-linux-x86_64 1.0.0 8.03 96.52 104.55 NOTE
r-release-linux-x86_64 1.0.0 8.04 96.90 104.94 NOTE
r-release-macos-arm64 1.0.0 37.00 NOTE
r-release-macos-x86_64 1.0.0 56.00 NOTE
r-release-windows-x86_64 1.0.0 18.00 120.00 138.00 NOTE
r-oldrel-macos-arm64 1.0.0 44.00 NOTE
r-oldrel-macos-x86_64 1.0.0 77.00 NOTE
r-oldrel-windows-ix86+x86_64 1.0.0 19.00 110.00 129.00 NOTE

Check Details

Version: 1.0.0
Check: LazyData
Result: NOTE
     'LazyData' is specified without a 'data' directory
Flavors: r-devel-linux-x86_64-debian-clang, r-devel-linux-x86_64-debian-gcc, r-devel-linux-x86_64-fedora-clang, r-devel-linux-x86_64-fedora-gcc, r-devel-windows-x86_64, r-patched-linux-x86_64, r-release-linux-x86_64, r-release-macos-arm64, r-release-macos-x86_64, r-release-windows-x86_64, r-oldrel-macos-arm64, r-oldrel-macos-x86_64, r-oldrel-windows-ix86+x86_64