Last updated on 2024-03-27 22:57:46 CET.
Flavor | Version | Tinstall | Tcheck | Ttotal | Status | Flags |
---|---|---|---|---|---|---|
r-devel-linux-x86_64-debian-clang | 1.0.0 | 9.13 | 94.27 | 103.40 | NOTE | |
r-devel-linux-x86_64-debian-gcc | 1.0.0 | 7.73 | 72.23 | 79.96 | NOTE | |
r-devel-linux-x86_64-fedora-clang | 1.0.0 | 126.51 | NOTE | |||
r-devel-linux-x86_64-fedora-gcc | 1.0.0 | 144.18 | NOTE | |||
r-devel-windows-x86_64 | 1.0.0 | 8.00 | 88.00 | 96.00 | NOTE | |
r-patched-linux-x86_64 | 1.0.0 | 10.29 | 90.29 | 100.58 | NOTE | |
r-release-linux-x86_64 | 1.0.0 | 9.45 | 89.57 | 99.02 | NOTE | |
r-release-macos-arm64 | 1.0.0 | 50.00 | NOTE | |||
r-release-macos-x86_64 | 1.0.0 | 72.00 | NOTE | |||
r-release-windows-x86_64 | 1.0.0 | 10.00 | 95.00 | 105.00 | NOTE | |
r-oldrel-macos-arm64 | 1.0.0 | 45.00 | NOTE | |||
r-oldrel-windows-x86_64 | 1.0.0 | 11.00 | 104.00 | 115.00 | NOTE |
Version: 1.0.0
Check: LazyData
Result: NOTE
'LazyData' is specified without a 'data' directory
Flavors: r-devel-linux-x86_64-debian-clang, r-devel-linux-x86_64-debian-gcc, r-devel-linux-x86_64-fedora-clang, r-devel-linux-x86_64-fedora-gcc, r-devel-windows-x86_64, r-patched-linux-x86_64, r-release-linux-x86_64, r-release-macos-arm64, r-release-macos-x86_64, r-release-windows-x86_64, r-oldrel-macos-arm64, r-oldrel-windows-x86_64