CRAN Package Check Results for Package future.callr

Last updated on 2021-05-06 22:55:20 CEST.

Flavor Version Tinstall Tcheck Ttotal Status Flags
r-devel-linux-x86_64-debian-clang 0.6.1 3.02 146.22 149.24 OK
r-devel-linux-x86_64-debian-gcc 0.6.1 2.27 113.87 116.14 OK
r-devel-linux-x86_64-fedora-clang 0.6.1 190.73 OK
r-devel-linux-x86_64-fedora-gcc 0.6.1 180.17 OK
r-devel-windows-ix86+x86_64 0.6.0 5.00 155.00 160.00 OK
r-devel-windows-x86_64-gcc10-UCRT 0.6.1 OK
r-patched-linux-x86_64 0.6.0 2.76 142.20 144.96 OK
r-patched-solaris-x86 0.6.1 249.10 OK
r-release-linux-x86_64 0.6.1 3.00 144.16 147.16 OK
r-release-macos-x86_64 0.6.1 OK
r-release-windows-ix86+x86_64 0.6.0 5.00 127.00 132.00 OK
r-oldrel-macos-x86_64 0.6.1 OK
r-oldrel-windows-ix86+x86_64 0.6.0 5.00 0.00 5.00 ERROR

Check Details

Version: 0.6.0
Check: whether package can be installed
Result: ERROR
    Installation failed.
Flavor: r-oldrel-windows-ix86+x86_64