CRAN Package Check Results for Package future

Last updated on 2021-06-13 22:48:18 CEST.

Flavor Version Tinstall Tcheck Ttotal Status Flags
r-devel-linux-x86_64-debian-clang 1.21.0 8.03 208.18 216.21 OK
r-devel-linux-x86_64-debian-gcc 1.21.0 6.54 157.88 164.42 OK
r-devel-linux-x86_64-fedora-clang 1.21.0 270.74 OK
r-devel-linux-x86_64-fedora-gcc 1.21.0 294.68 OK
r-devel-windows-x86_64 1.21.0 13.00 345.00 358.00 OK
r-devel-windows-x86_64-gcc10-UCRT 1.21.0 OK
r-patched-linux-x86_64 1.21.0 9.65 201.47 211.12 OK
r-patched-solaris-x86 1.21.0 124.90 OK --no-tests
r-release-linux-x86_64 1.21.0 7.88 200.87 208.75 OK
r-release-macos-arm64 1.21.0 ERROR
r-release-macos-x86_64 1.21.0 OK
r-release-windows-ix86+x86_64 1.21.0 12.00 344.00 356.00 OK
r-oldrel-macos-x86_64 1.21.0 OK
r-oldrel-windows-ix86+x86_64 1.21.0 10.00 358.00 368.00 OK

Additional issues

M1mac

Check Details

Version: 1.21.0
Check: tests
Result: ERROR
     Running ‘000.sessionDetails.R’ [0s/0s]
     Running ‘ClusterRegistry.R’ [1s/22s]
     Running ‘Future-class.R’ [1s/8s]
     Running ‘FutureError.R’ [0s/0s]
     Running ‘FutureGlobals.R’ [0s/0s]
     Running ‘FutureRegistry.R’ [0s/0s]
     Running ‘backtrace.R’ [1s/8s]
     Running ‘cluster-missing-future-pkg.R’ [0s/1s]
     Running ‘cluster.R’ [2s/52s]
    Running the tests in ‘tests/cluster.R’ failed.
    Last 13 lines of output:
     > ## Sanity checks
     > pid2 <- Sys.getpid()
     > message("Main PID (original): ", pid)
     Main PID (original): 28629
     > message("Main PID: ", pid2)
     Main PID: 28629
     > stopifnot(pid2 == pid)
     >
     > source("incl/end.R")
     >
     > ## Sanity checks
     > pid2 <- Sys.getpid()
     > message("Main PID (original): ", pid)
     Error in message("Main PID (original): ", pid) : object 'pid' not found
     Execution halted
Flavor: r-release-macos-arm64