CRAN Package Check Results for Package fuzzyforest

Last updated on 2021-07-30 22:57:26 CEST.

Flavor Version Tinstall Tcheck Ttotal Status Flags
r-devel-linux-x86_64-debian-clang 1.0.8 OK
r-devel-linux-x86_64-debian-gcc 1.0.8 4.13 145.56 149.69 OK
r-devel-linux-x86_64-fedora-clang 1.0.8 241.63 OK
r-devel-linux-x86_64-fedora-gcc 1.0.8 230.78 OK
r-devel-windows-x86_64 1.0.8 20.00 212.00 232.00 OK
r-devel-windows-x86_64-gcc10-UCRT 1.0.8 OK
r-patched-linux-x86_64 1.0.8 OK
r-patched-solaris-x86 1.0.8 326.60 OK
r-release-linux-x86_64 1.0.8 4.75 187.38 192.13 OK
r-release-macos-arm64 1.0.8 NOTE
r-release-macos-x86_64 1.0.8 NOTE
r-release-windows-ix86+x86_64 1.0.8 49.00 161.00 210.00 OK
r-oldrel-macos-x86_64 1.0.8 OK
r-oldrel-windows-ix86+x86_64 1.0.8 34.00 190.00 224.00 OK

Check Details

Version: 1.0.8
Check: package dependencies
Result: NOTE
    Package suggested but not available for checking: ‘WGCNA’
Flavors: r-release-macos-arm64, r-release-macos-x86_64