CRAN Package Check Results for Package fy

Last updated on 2021-09-18 23:49:53 CEST.

Flavor Version Tinstall Tcheck Ttotal Status Flags
r-devel-linux-x86_64-debian-clang 0.3.0 3.17 33.21 36.38 NOTE
r-devel-linux-x86_64-debian-gcc 0.3.0 2.21 25.29 27.50 NOTE
r-devel-linux-x86_64-fedora-clang 0.3.0 52.36 NOTE
r-devel-linux-x86_64-fedora-gcc 0.3.0 40.21 NOTE
r-devel-windows-x86_64 0.3.0 5.00 49.00 54.00 NOTE
r-devel-windows-x86_64-gcc10-UCRT 0.3.0 NOTE
r-patched-linux-x86_64 0.3.0 2.74 31.64 34.38 NOTE
r-patched-solaris-x86 0.3.0 61.10 NOTE
r-release-linux-x86_64 0.3.0 3.09 31.54 34.63 NOTE
r-release-macos-arm64 0.3.0 NOTE
r-release-macos-x86_64 0.3.0 NOTE
r-release-windows-ix86+x86_64 0.3.0 6.00 38.00 44.00 NOTE
r-oldrel-macos-x86_64 0.3.0 OK
r-oldrel-windows-ix86+x86_64 0.3.0 6.00 38.00 44.00 OK

Check Details

Version: 0.3.0
Check: LazyData
Result: NOTE
     'LazyData' is specified without a 'data' directory
Flavors: r-devel-linux-x86_64-debian-clang, r-devel-linux-x86_64-debian-gcc, r-devel-linux-x86_64-fedora-clang, r-devel-linux-x86_64-fedora-gcc, r-devel-windows-x86_64, r-devel-windows-x86_64-gcc10-UCRT, r-patched-linux-x86_64, r-patched-solaris-x86, r-release-linux-x86_64, r-release-macos-arm64, r-release-macos-x86_64, r-release-windows-ix86+x86_64