CRAN Package Check Results for Package gMCP

Last updated on 2021-06-11 22:54:10 CEST.

Flavor Version Tinstall Tcheck Ttotal Status Flags
r-devel-linux-x86_64-debian-clang 0.8-15 17.21 230.29 247.50 OK
r-devel-linux-x86_64-debian-gcc 0.8-15 15.68 175.45 191.13 OK
r-devel-linux-x86_64-fedora-clang 0.8-15 309.41 OK
r-devel-linux-x86_64-fedora-gcc 0.8-15 296.75 OK
r-devel-windows-x86_64 0.8-15 30.00 267.00 297.00 OK
r-devel-windows-x86_64-gcc10-UCRT 0.8-15 OK
r-patched-linux-x86_64 0.8-15 17.75 220.18 237.93 OK
r-patched-solaris-x86 0.8-15 389.00 OK
r-release-linux-x86_64 0.8-15 17.42 220.02 237.44 OK
r-release-macos-arm64 0.8-15 ERROR
r-release-macos-x86_64 0.8-15 OK
r-release-windows-ix86+x86_64 0.8-15 28.00 326.00 354.00 OK
r-oldrel-macos-x86_64 0.8-15 OK
r-oldrel-windows-ix86+x86_64 0.8-15 51.00 346.00 397.00 OK

Check Details

Version: 0.8-15
Check: whether package can be installed
Result: ERROR
    Installation failed.
Flavor: r-release-macos-arm64