CRAN Package Check Results for Package gRbase

Last updated on 2018-06-24 22:49:22 CEST.

Flavor Version Tinstall Tcheck Ttotal Status Flags
r-devel-linux-x86_64-debian-clang 1.8-3 223.22 129.46 352.68 OK
r-devel-linux-x86_64-debian-gcc 1.8-3 177.84 102.21 280.05 WARN
r-devel-linux-x86_64-fedora-clang 1.8-3 461.91 NOTE
r-devel-linux-x86_64-fedora-gcc 1.8-3 422.27 WARN
r-devel-windows-ix86+x86_64 1.8-3 547.00 191.00 738.00 WARN
r-patched-linux-x86_64 1.8-3 218.03 115.17 333.20 WARN
r-patched-solaris-x86 1.8-3 418.40 OK
r-release-linux-x86_64 1.8-3 218.12 114.01 332.13 WARN
r-release-windows-ix86+x86_64 1.8-3 539.00 153.00 692.00 WARN
r-release-osx-x86_64 1.8-3 NOTE
r-oldrel-windows-ix86+x86_64 1.8-3 544.00 162.00 706.00 OK
r-oldrel-osx-x86_64 1.8-3 NOTE

Check Details

Version: 1.8-3
Check: whether package can be installed
Result: WARN
    Found the following significant warnings:
     _t_array_properties.cpp:10:13: warning: suggest parentheses around comparison in operand of ‘|’ [-Wparentheses]
Flavors: r-devel-linux-x86_64-debian-gcc, r-devel-linux-x86_64-fedora-gcc, r-devel-windows-ix86+x86_64, r-patched-linux-x86_64, r-release-linux-x86_64, r-release-windows-ix86+x86_64

Version: 1.8-3
Check: installed package size
Result: NOTE
     installed size is 13.9Mb
     sub-directories of 1Mb or more:
     libs 11.7Mb
Flavors: r-devel-linux-x86_64-fedora-clang, r-release-osx-x86_64, r-oldrel-osx-x86_64

Version: 1.8-3
Check: Rd cross-references
Result: NOTE
    Package unavailable to check Rd xrefs: ‘gRain’
Flavor: r-oldrel-osx-x86_64