CRAN Package Check Results for Package gRbase

Last updated on 2018-12-09 22:58:28 CET.

Flavor Version Tinstall Tcheck Ttotal Status Flags
r-devel-linux-x86_64-debian-clang 1.8-3.4 215.98 118.07 334.05 OK
r-devel-linux-x86_64-debian-gcc 1.8-3.4 191.05 94.94 285.99 OK
r-devel-linux-x86_64-fedora-clang 1.8-3.4 501.40 NOTE
r-devel-linux-x86_64-fedora-gcc 1.8-3.4 471.10 OK
r-devel-windows-ix86+x86_64 1.8-3.4 535.00 164.00 699.00 OK
r-patched-linux-x86_64 1.8-3.4 242.83 115.11 357.94 OK
r-patched-solaris-x86 1.8-3.4 464.40 OK
r-release-linux-x86_64 1.8-3.4 248.28 114.90 363.18 OK
r-release-windows-ix86+x86_64 1.8-3.4 519.00 167.00 686.00 OK
r-release-osx-x86_64 1.8-3.4 NOTE
r-oldrel-windows-ix86+x86_64 1.8-3.4 395.00 226.00 621.00 OK
r-oldrel-osx-x86_64 1.8-3.4 NOTE

Check Details

Version: 1.8-3.4
Check: installed package size
Result: NOTE
     installed size is 14.3Mb
     sub-directories of 1Mb or more:
     libs 12.3Mb
Flavors: r-devel-linux-x86_64-fedora-clang, r-release-osx-x86_64, r-oldrel-osx-x86_64