CRAN Package Check Results for Package gRbase

Last updated on 2018-09-19 22:49:45 CEST.

Flavor Version Tinstall Tcheck Ttotal Status Flags
r-devel-linux-x86_64-debian-clang 1.8-3.4 204.95 129.04 333.99 OK
r-devel-linux-x86_64-debian-gcc 1.8-3.4 200.98 104.65 305.63 OK
r-devel-linux-x86_64-fedora-clang 1.8-3.4 526.88 NOTE
r-devel-linux-x86_64-fedora-gcc 1.8-3.4 476.16 OK
r-devel-windows-ix86+x86_64 1.8-3.4 424.00 264.00 688.00 OK
r-patched-linux-x86_64 1.8-3.4 244.58 114.14 358.72 OK
r-patched-solaris-x86 1.8-3.4 422.50 OK
r-release-linux-x86_64 1.8-3.4 254.43 113.81 368.24 OK
r-release-windows-ix86+x86_64 1.8-3.4 536.00 173.00 709.00 OK
r-release-osx-x86_64 1.8-3.4 NOTE
r-oldrel-windows-ix86+x86_64 1.8-3.4 397.00 170.00 567.00 OK
r-oldrel-osx-x86_64 1.8-3.4 NOTE

Check Details

Version: 1.8-3.4
Check: installed package size
Result: NOTE
     installed size is 14.2Mb
     sub-directories of 1Mb or more:
     libs 12.3Mb
Flavors: r-devel-linux-x86_64-fedora-clang, r-release-osx-x86_64, r-oldrel-osx-x86_64