CRAN Package Check Results for Package gRbase

Last updated on 2019-11-18 22:47:12 CET.

Flavor Version Tinstall Tcheck Ttotal Status Flags
r-devel-linux-x86_64-debian-clang 1.8-4.5 219.87 132.67 352.54 OK
r-devel-linux-x86_64-debian-gcc 1.8-4.5 164.37 107.62 271.99 OK
r-devel-linux-x86_64-fedora-clang 1.8-4.5 483.97 NOTE
r-devel-linux-x86_64-fedora-gcc 1.8-4.5 463.04 OK
r-devel-windows-ix86+x86_64 1.8-4.5 543.00 278.00 821.00 OK
r-patched-linux-x86_64 1.8-4.5 172.13 126.54 298.67 OK
r-patched-solaris-x86 1.8-4.5 484.60 OK
r-release-linux-x86_64 1.8-4.5 170.66 128.52 299.18 OK
r-release-windows-ix86+x86_64 1.8-4.5 377.00 259.00 636.00 OK
r-release-osx-x86_64 1.8-4.5 NOTE
r-oldrel-windows-ix86+x86_64 1.8-3.4 540.00 217.00 757.00 OK
r-oldrel-osx-x86_64 1.8-4.5 ERROR

Check Details

Version: 1.8-4.5
Check: installed package size
Result: NOTE
     installed size is 13.6Mb
     sub-directories of 1Mb or more:
     libs 11.5Mb
Flavors: r-devel-linux-x86_64-fedora-clang, r-release-osx-x86_64

Version: 1.8-4.5
Check: whether package can be installed
Result: ERROR
    Installation failed.
Flavor: r-oldrel-osx-x86_64