CRAN Package Check Results for Package gRc

Last updated on 2019-08-16 22:48:21 CEST.

Flavor Version Tinstall Tcheck Ttotal Status Flags
r-devel-linux-x86_64-debian-clang 0.4-3.2 13.89 76.50 90.39 OK
r-devel-linux-x86_64-debian-gcc 0.4-3.2 11.27 61.99 73.26 OK
r-devel-linux-x86_64-fedora-clang 0.4-3.2 109.10 OK
r-devel-linux-x86_64-fedora-gcc 0.4-3.2 109.41 OK
r-devel-windows-ix86+x86_64 0.4-3.2 41.00 154.00 195.00 OK
r-patched-linux-x86_64 0.4-3.2 10.78 77.38 88.16 OK
r-patched-solaris-x86 0.4-3.2 180.00 OK
r-release-linux-x86_64 0.4-3.2 11.42 77.74 89.16 OK
r-release-windows-ix86+x86_64 0.4-3.2 40.00 143.00 183.00 OK
r-release-osx-x86_64 0.4-3.2 ERROR
r-oldrel-windows-ix86+x86_64 0.4-3.2 27.00 137.00 164.00 OK
r-oldrel-osx-x86_64 0.4-3.2 OK

Additional issues

valgrind

Check Details

Version: 0.4-3.2
Check: package dependencies
Result: ERROR
    Package required but not available: ‘gRbase’
    
    Packages suggested but not available for checking: 'Rgraphviz', 'RBGL'
    
    See section ‘The DESCRIPTION file’ in the ‘Writing R Extensions’
    manual.
Flavor: r-release-osx-x86_64