CRAN Package Check Results for Package gRim

Last updated on 2019-08-25 22:47:02 CEST.

Flavor Version Tinstall Tcheck Ttotal Status Flags
r-devel-linux-x86_64-debian-clang 0.2-0 41.74 103.15 144.89 OK
r-devel-linux-x86_64-debian-gcc 0.2-0 34.74 82.50 117.24 OK
r-devel-linux-x86_64-fedora-clang 0.2-0 188.04 OK
r-devel-linux-x86_64-fedora-gcc 0.2-0 186.09 OK
r-devel-windows-ix86+x86_64 0.2-0 114.00 155.00 269.00 OK
r-patched-linux-x86_64 0.2-0 37.49 103.31 140.80 OK
r-patched-solaris-x86 0.2-0 242.90 OK
r-release-linux-x86_64 0.2-0 39.24 101.92 141.16 OK
r-release-windows-ix86+x86_64 0.2-0 113.00 197.00 310.00 OK
r-release-osx-x86_64 0.2-0 ERROR
r-oldrel-windows-ix86+x86_64 0.2-0 102.00 198.00 300.00 OK
r-oldrel-osx-x86_64 0.2-0 OK

Additional issues

LTO

Check Details

Version: 0.2-0
Check: package dependencies
Result: ERROR
    Packages required but not available: 'gRbase', 'graph', 'gRain'
    
    Package suggested but not available for checking: ‘Rgraphviz’
    
    See section ‘The DESCRIPTION file’ in the ‘Writing R Extensions’
    manual.
Flavor: r-release-osx-x86_64