CRAN Package Check Results for Package gWQS

Last updated on 2021-08-04 22:55:16 CEST.

Flavor Version Tinstall Tcheck Ttotal Status Flags
r-devel-linux-x86_64-debian-clang 3.0.4 14.36 126.12 140.48 OK
r-devel-linux-x86_64-debian-gcc 3.0.4 9.67 94.46 104.13 OK
r-devel-linux-x86_64-fedora-clang 3.0.4 172.36 NOTE
r-devel-linux-x86_64-fedora-gcc 3.0.4 163.04 NOTE
r-devel-windows-x86_64 3.0.4 26.00 147.00 173.00 OK
r-devel-windows-x86_64-gcc10-UCRT 3.0.4 NOTE
r-patched-linux-x86_64 3.0.4 14.79 117.84 132.63 OK
r-patched-solaris-x86 3.0.4 232.00 NOTE
r-release-linux-x86_64 3.0.4 14.88 118.31 133.19 OK
r-release-macos-arm64 3.0.4 WARN
r-release-macos-x86_64 3.0.4 NOTE
r-release-windows-ix86+x86_64 3.0.4 34.00 149.00 183.00 OK
r-oldrel-macos-x86_64 3.0.4 NOTE
r-oldrel-windows-ix86+x86_64 3.0.4 32.00 152.00 184.00 OK

Check Details

Version: 3.0.4
Check: dependencies in R code
Result: NOTE
    Namespace in Imports field not imported from: ‘dplyr’
     All declared Imports should be used.
Flavors: r-devel-linux-x86_64-fedora-clang, r-devel-linux-x86_64-fedora-gcc, r-devel-windows-x86_64-gcc10-UCRT, r-patched-solaris-x86, r-release-macos-arm64, r-release-macos-x86_64, r-oldrel-macos-x86_64

Version: 3.0.4
Check: re-building of vignette outputs
Result: WARN
    Error(s) in re-building vignettes:
     ...
    --- re-building ‘gwqs-vignette.Rmd’ using rmarkdown
    Warning in engine$weave(file, quiet = quiet, encoding = enc) :
     Pandoc (>= 1.12.3) not available. Falling back to R Markdown v1.
    `geom_smooth()` using formula 'y ~ x'
    Warning in grid.Call(C_textBounds, as.graphicsAnnot(x$label), x$x, x$y, :
     no font could be found for family "Arial"
    Warning in grid.Call(C_textBounds, as.graphicsAnnot(x$label), x$x, x$y, :
     no font could be found for family "Arial"
    Quitting from lines 58-87 (gwqs-vignette.Rmd)
    Error: processing vignette 'gwqs-vignette.Rmd' failed with diagnostics:
    polygon edge not found
    --- failed re-building ‘gwqs-vignette.Rmd’
    
    SUMMARY: processing the following file failed:
     ‘gwqs-vignette.Rmd’
    
    Error: Vignette re-building failed.
    Execution halted
Flavor: r-release-macos-arm64