CRAN Package Check Results for Package gWidgets2tcltk

Last updated on 2024-02-22 21:51:42 CET.

Flavor Version Tinstall Tcheck Ttotal Status Flags
r-devel-linux-x86_64-debian-clang 1.0-8 NOTE
r-devel-linux-x86_64-debian-gcc 1.0-8 22.47 105.21 127.68 NOTE
r-devel-linux-x86_64-fedora-clang 1.0-8 209.72 OK
r-devel-linux-x86_64-fedora-gcc 1.0-8 205.05 OK
r-devel-windows-x86_64 1.0-8 19.00 93.00 112.00 OK
r-patched-linux-x86_64 1.0-8 24.27 141.92 166.19 OK
r-release-linux-x86_64 1.0-8 20.82 140.32 161.14 OK
r-release-macos-arm64 1.0-8 57.00 OK
r-release-macos-x86_64 1.0-8 105.00 OK
r-release-windows-x86_64 1.0-8 26.00 106.00 132.00 OK
r-oldrel-macos-arm64 1.0-8 90.00 OK
r-oldrel-windows-x86_64 1.0-8 30.00 110.00 140.00 OK

Check Details

Version: 1.0-8
Check: Rd files
Result: NOTE checkRd: (-1) gWidgets2tcltk-undocumented.Rd:285: Lost braces in \itemize; meant \describe ? checkRd: (-1) gWidgets2tcltk-undocumented.Rd:286-293: Lost braces in \itemize; meant \describe ? checkRd: (-1) gWidgets2tcltk-undocumented.Rd:378: Lost braces 378 | \item{visible}{logical. If code{TRUE} window is drawn when | ^ Flavors: r-devel-linux-x86_64-debian-clang, r-devel-linux-x86_64-debian-gcc