CRAN Package Check Results for Package gWidgetsRGtk2

Last updated on 2019-08-22 22:46:56 CEST.

Flavor Version Tinstall Tcheck Ttotal Status Flags
r-devel-linux-x86_64-debian-clang 0.0-86 34.94 81.38 116.32 NOTE
r-devel-linux-x86_64-debian-gcc 0.0-86 35.10 64.68 99.78 NOTE
r-devel-linux-x86_64-fedora-clang 0.0-86 149.19 NOTE
r-devel-linux-x86_64-fedora-gcc 0.0-86 147.42 NOTE
r-devel-windows-ix86+x86_64 0.0-86 72.00 87.00 159.00 OK
r-patched-linux-x86_64 0.0-86 35.26 81.27 116.53 NOTE
r-patched-solaris-x86 0.0-86 211.60 NOTE
r-release-linux-x86_64 0.0-86 34.23 82.01 116.24 NOTE
r-release-windows-ix86+x86_64 0.0-86 71.00 117.00 188.00 OK
r-release-osx-x86_64 0.0-86 NOTE
r-oldrel-windows-ix86+x86_64 0.0-86 61.00 110.00 171.00 OK
r-oldrel-osx-x86_64 0.0-86 NOTE

Check Details

Version: 0.0-86
Check: package dependencies
Result: NOTE
    Package which this enhances but not available for checking: 'RGtk2Extras'
Flavors: r-devel-linux-x86_64-debian-clang, r-devel-linux-x86_64-debian-gcc, r-devel-linux-x86_64-fedora-clang, r-devel-linux-x86_64-fedora-gcc, r-patched-linux-x86_64, r-patched-solaris-x86, r-release-linux-x86_64, r-release-osx-x86_64, r-oldrel-osx-x86_64