CRAN Package Check Results for Package galah

Last updated on 2021-12-07 22:59:30 CET.

Flavor Version Tinstall Tcheck Ttotal Status Flags
r-devel-linux-x86_64-debian-clang 1.3.1 9.85 149.58 159.43 OK
r-devel-linux-x86_64-debian-gcc 1.3.1 7.02 113.93 120.95 ERROR
r-devel-linux-x86_64-fedora-clang 1.3.1 191.70 OK
r-devel-linux-x86_64-fedora-gcc 1.3.1 185.95 OK
r-devel-windows-x86_64-new-UL 1.3.1 20.00 226.00 246.00 OK
r-devel-windows-x86_64-new-TK 1.3.1 OK
r-devel-windows-x86_64-old 1.3.1 14.00 191.00 205.00 OK
r-patched-linux-x86_64 1.3.1 9.16 148.56 157.72 OK
r-release-linux-x86_64 1.3.1 10.08 150.80 160.88 OK
r-release-macos-arm64 1.3.1 OK
r-release-macos-x86_64 1.3.1 OK
r-release-windows-ix86+x86_64 1.3.1 16.00 166.00 182.00 OK
r-oldrel-macos-x86_64 1.3.1 OK
r-oldrel-windows-ix86+x86_64 1.3.1 21.00 204.00 225.00 OK

Check Details

Version: 1.3.1
Check: tests
Result: ERROR
     Running ‘testthat.R’ [48s/199s]
    Running the tests in ‘tests/testthat.R’ failed.
    Complete output:
     > library(testthat)
     > library(galah)
     >
     > galah_config(cache_directory = tempdir(), email = "ala4r@ala.org.au",
     + caching = FALSE, atlas = "Australia", verbose = FALSE,
     + run_checks = TRUE)
     > test_check("galah")
     ══ Skipped tests ═══════════════════════════════════════════════════════════════
     • On CRAN (18)
     • Slow test (1)
    
     ══ Failed tests ════════════════════════════════════════════════════════════════
     ── Error (test-find_cached_files.R:15:3): find_cached_files reads metadata ─────
     Error in `ala_GET(url, "layers")`: Status code 504returned for url https://spatial.ala.org.au/ws//layers<pointer: 0x55c23d1b9c60>
     Backtrace:
     █
     1. └─galah::ala_counts(group_by = "year") test-find_cached_files.R:15:2
     2. └─galah:::validate_facet(group_by)
     3. ├─facet %in% c(search_fields()$id, all_fields()$name)
     4. └─galah::search_fields()
     5. └─galah:::get_layers()
     6. └─galah:::ala_GET(url, "layers")
    
     [ FAIL 1 | WARN 5 | SKIP 19 | PASS 112 ]
     Error: Test failures
     Execution halted
Flavor: r-devel-linux-x86_64-debian-gcc