CRAN Package Check Results for Package gameR

Last updated on 2024-06-13 22:49:28 CEST.

Flavor Version Tinstall Tcheck Ttotal Status Flags
r-devel-linux-x86_64-debian-clang 0.0.6 1.92 29.83 31.75 OK
r-devel-linux-x86_64-debian-gcc 0.0.6 1.61 19.53 21.14 ERROR
r-devel-linux-x86_64-fedora-clang 0.0.6 41.89 OK
r-devel-linux-x86_64-fedora-gcc 0.0.6 51.99 OK
r-devel-windows-x86_64 0.0.6 2.00 43.00 45.00 OK
r-patched-linux-x86_64 0.0.6 1.59 28.70 30.29 OK
r-release-linux-x86_64 0.0.6 1.89 29.43 31.32 OK
r-release-macos-arm64 0.0.6 51.00 OK
r-release-macos-x86_64 0.0.6 58.00 OK
r-release-windows-x86_64 0.0.6 2.00 56.00 58.00 OK
r-oldrel-macos-arm64 0.0.6 29.00 OK
r-oldrel-macos-x86_64 0.0.6 58.00 OK
r-oldrel-windows-x86_64 0.0.6 4.00 47.00 51.00 OK

Check Details

Version: 0.0.6
Check: package dependencies
Result: NOTE Packages suggested but not available for checking: 'testthat', 'ggplot2' Flavor: r-devel-linux-x86_64-debian-gcc

Version: 0.0.6
Check: tests
Result: ERROR Running ‘spelling.R’ [0s/1s] Running ‘testthat.R’ [0s/1s] Running the tests in ‘tests/testthat.R’ failed. Complete output: > library(testthat) Error in library(testthat) : there is no package called 'testthat' Execution halted Flavor: r-devel-linux-x86_64-debian-gcc

Version: 0.0.6
Check: re-building of vignette outputs
Result: ERROR Error(s) in re-building vignettes: ... --- re-building ‘gameR.Rmd’ using rmarkdown Quitting from lines 20-25 [setup] (gameR.Rmd) Error: processing vignette 'gameR.Rmd' failed with diagnostics: there is no package called 'ggplot2' --- failed re-building ‘gameR.Rmd’ SUMMARY: processing the following file failed: ‘gameR.Rmd’ Error: Vignette re-building failed. Execution halted Flavor: r-devel-linux-x86_64-debian-gcc