Last updated on 2024-04-23 22:55:22 CEST.
Flavor | Version | Tinstall | Tcheck | Ttotal | Status | Flags |
---|---|---|---|---|---|---|
r-devel-linux-x86_64-debian-clang | 1.1.3.7 | 5.09 | 46.00 | 51.09 | NOTE | |
r-devel-linux-x86_64-debian-gcc | 1.1.3.7 | 4.55 | 34.94 | 39.49 | NOTE | |
r-devel-linux-x86_64-fedora-clang | 1.1.3.7 | 61.81 | NOTE | |||
r-devel-linux-x86_64-fedora-gcc | 1.1.3.7 | 61.84 | NOTE | |||
r-prerel-macos-arm64 | 1.1.3.7 | 23.00 | NOTE | |||
r-prerel-windows-x86_64 | 1.1.3.7 | 8.00 | 56.00 | 64.00 | NOTE | |
r-patched-linux-x86_64 | 1.1.3.7 | 5.33 | 45.03 | 50.36 | NOTE | |
r-release-linux-x86_64 | 1.1.3.7 | 5.41 | 44.39 | 49.80 | NOTE | |
r-release-macos-arm64 | 1.1.3.7 | 25.00 | NOTE | |||
r-release-macos-x86_64 | 1.1.3.7 | 35.00 | NOTE | |||
r-release-windows-x86_64 | 1.1.3.7 | 10.00 | 61.00 | 71.00 | NOTE | |
r-oldrel-macos-arm64 | 1.1.3.7 | 23.00 | NOTE | |||
r-oldrel-windows-x86_64 | 1.1.3.7 | 10.00 | 70.00 | 80.00 | NOTE |
Version: 1.1.3.7
Check: LazyData
Result: NOTE
'LazyData' is specified without a 'data' directory
Flavors: r-devel-linux-x86_64-debian-clang, r-devel-linux-x86_64-debian-gcc, r-devel-linux-x86_64-fedora-clang, r-devel-linux-x86_64-fedora-gcc, r-prerel-macos-arm64, r-prerel-windows-x86_64, r-patched-linux-x86_64, r-release-linux-x86_64, r-release-macos-arm64, r-release-macos-x86_64, r-release-windows-x86_64, r-oldrel-macos-arm64, r-oldrel-windows-x86_64
Version: 1.1.3.7
Check: dependencies in R code
Result: NOTE
Namespace in Imports field not imported from: ‘grDevices’
All declared Imports should be used.
Flavors: r-devel-linux-x86_64-fedora-clang, r-devel-linux-x86_64-fedora-gcc, r-oldrel-macos-arm64