CRAN Package Check Results for Package ganalytics

Last updated on 2020-02-17 22:49:32 CET.

Flavor Version Tinstall Tcheck Ttotal Status Flags
r-devel-linux-x86_64-debian-clang 0.10.7 60.44 105.19 165.63 ERROR
r-devel-linux-x86_64-debian-gcc 0.10.7 56.24 80.60 136.84 ERROR
r-devel-linux-x86_64-fedora-clang 0.10.7 127.45 ERROR
r-devel-linux-x86_64-fedora-gcc 0.10.7 211.37 ERROR
r-devel-windows-ix86+x86_64 0.10.7 87.00 110.00 197.00 OK
r-devel-windows-ix86+x86_64-gcc8 0.10.7 128.00 169.00 297.00 OK
r-patched-linux-x86_64 0.10.7 55.02 91.06 146.08 OK
r-patched-solaris-x86 0.10.7 243.90 OK
r-release-linux-x86_64 0.10.7 53.25 90.87 144.12 OK
r-release-windows-ix86+x86_64 0.10.7 78.00 105.00 183.00 OK
r-release-osx-x86_64 0.10.7 OK
r-oldrel-windows-ix86+x86_64 0.10.7 68.00 98.00 166.00 OK
r-oldrel-osx-x86_64 0.10.7 OK

Check Details

Version: 0.10.7
Check: tests
Result: ERROR
     Running 'spelling.R' [0s/0s]
     Running 'testthat.R' [11s/13s]
    Running the tests in 'tests/testthat.R' failed.
    Complete output:
     > library(testthat)
     > library(ganalytics)
     Welcome to ganalytics.
    
     To get started, use the GoogleApiCreds() function to set credentials for
     authenticating with your Google Analytics API project. E.g:
     creds <- GoogleApiCreds("<my_user_name>@gmail.com", ".my_app_oauth_creds.json")
    
     Then, check out the list of available demos and package documentation with:
     vignette(package = "ganalytics")
     vignette("README", "ganalytics")
     package?ganalytics
     demo(package = "ganalytics")
     demo("gademo", "ganalytics")
    
     For help with authentication, enter:
     ?ganalytics::GoogleApiCreds
    
     Please note: Authentication will automatically direct you to Google's website
     where you will be asked to grant permission for your project to access Google
     Analytics - this will open within your default web browser. Unless a file path
     is provided at the time of authentication, tokens will be cached by httr in your
     home directory.
     >
     > test_check("ganalytics")
     -- 1. Failure: conditional logic structures of expressions are retained (@test-s
     expr1 & (expr2 | expr3) not equal to as(SegmentConditionFilter(expr1 & (expr2 | expr3)), ".compoundExpr").
     Attributes: < Length mismatch: comparison on first 1 components >
    
     == testthat results ===========================================================
     [ OK: 142 | SKIPPED: 2 | WARNINGS: 0 | FAILED: 1 ]
     1. Failure: conditional logic structures of expressions are retained (@test-segment.R#9)
    
     Error: testthat unit tests failed
     Execution halted
Flavor: r-devel-linux-x86_64-debian-clang

Version: 0.10.7
Check: tests
Result: ERROR
     Running ‘spelling.R’ [0s/1s]
     Running ‘testthat.R’ [9s/12s]
    Running the tests in ‘tests/testthat.R’ failed.
    Complete output:
     > library(testthat)
     > library(ganalytics)
     Welcome to ganalytics.
    
     To get started, use the GoogleApiCreds() function to set credentials for
     authenticating with your Google Analytics API project. E.g:
     creds <- GoogleApiCreds("<my_user_name>@gmail.com", ".my_app_oauth_creds.json")
    
     Then, check out the list of available demos and package documentation with:
     vignette(package = "ganalytics")
     vignette("README", "ganalytics")
     package?ganalytics
     demo(package = "ganalytics")
     demo("gademo", "ganalytics")
    
     For help with authentication, enter:
     ?ganalytics::GoogleApiCreds
    
     Please note: Authentication will automatically direct you to Google's website
     where you will be asked to grant permission for your project to access Google
     Analytics - this will open within your default web browser. Unless a file path
     is provided at the time of authentication, tokens will be cached by httr in your
     home directory.
     >
     > test_check("ganalytics")
     ── 1. Failure: conditional logic structures of expressions are retained (@test-s
     expr1 & (expr2 | expr3) not equal to as(SegmentConditionFilter(expr1 & (expr2 | expr3)), ".compoundExpr").
     Attributes: < Length mismatch: comparison on first 1 components >
    
     ══ testthat results ═══════════════════════════════════════════════════════════
     [ OK: 142 | SKIPPED: 2 | WARNINGS: 0 | FAILED: 1 ]
     1. Failure: conditional logic structures of expressions are retained (@test-segment.R#9)
    
     Error: testthat unit tests failed
     Execution halted
Flavor: r-devel-linux-x86_64-debian-gcc

Version: 0.10.7
Check: tests
Result: ERROR
     Running ‘spelling.R’
     Running ‘testthat.R’
    Running the tests in ‘tests/testthat.R’ failed.
    Complete output:
     > library(testthat)
     > library(ganalytics)
     Welcome to ganalytics.
    
     To get started, use the GoogleApiCreds() function to set credentials for
     authenticating with your Google Analytics API project. E.g:
     creds <- GoogleApiCreds("<my_user_name>@gmail.com", ".my_app_oauth_creds.json")
    
     Then, check out the list of available demos and package documentation with:
     vignette(package = "ganalytics")
     vignette("README", "ganalytics")
     package?ganalytics
     demo(package = "ganalytics")
     demo("gademo", "ganalytics")
    
     For help with authentication, enter:
     ?ganalytics::GoogleApiCreds
    
     Please note: Authentication will automatically direct you to Google's website
     where you will be asked to grant permission for your project to access Google
     Analytics - this will open within your default web browser. Unless a file path
     is provided at the time of authentication, tokens will be cached by httr in your
     home directory.
     >
     > test_check("ganalytics")
     ── 1. Failure: conditional logic structures of expressions are retained (@test-s
     expr1 & (expr2 | expr3) not equal to as(SegmentConditionFilter(expr1 & (expr2 | expr3)), ".compoundExpr").
     Attributes: < Length mismatch: comparison on first 1 components >
    
     ══ testthat results ═══════════════════════════════════════════════════════════
     [ OK: 142 | SKIPPED: 2 | WARNINGS: 0 | FAILED: 1 ]
     1. Failure: conditional logic structures of expressions are retained (@test-segment.R#9)
    
     Error: testthat unit tests failed
     Execution halted
Flavor: r-devel-linux-x86_64-fedora-clang

Version: 0.10.7
Check: tests
Result: ERROR
     Running ‘spelling.R’
     Running ‘testthat.R’ [14s/17s]
    Running the tests in ‘tests/testthat.R’ failed.
    Complete output:
     > library(testthat)
     > library(ganalytics)
     Welcome to ganalytics.
    
     To get started, use the GoogleApiCreds() function to set credentials for
     authenticating with your Google Analytics API project. E.g:
     creds <- GoogleApiCreds("<my_user_name>@gmail.com", ".my_app_oauth_creds.json")
    
     Then, check out the list of available demos and package documentation with:
     vignette(package = "ganalytics")
     vignette("README", "ganalytics")
     package?ganalytics
     demo(package = "ganalytics")
     demo("gademo", "ganalytics")
    
     For help with authentication, enter:
     ?ganalytics::GoogleApiCreds
    
     Please note: Authentication will automatically direct you to Google's website
     where you will be asked to grant permission for your project to access Google
     Analytics - this will open within your default web browser. Unless a file path
     is provided at the time of authentication, tokens will be cached by httr in your
     home directory.
     >
     > test_check("ganalytics")
     ── 1. Failure: conditional logic structures of expressions are retained (@test-s
     expr1 & (expr2 | expr3) not equal to as(SegmentConditionFilter(expr1 & (expr2 | expr3)), ".compoundExpr").
     Attributes: < Length mismatch: comparison on first 1 components >
    
     ══ testthat results ═══════════════════════════════════════════════════════════
     [ OK: 142 | SKIPPED: 2 | WARNINGS: 0 | FAILED: 1 ]
     1. Failure: conditional logic structures of expressions are retained (@test-segment.R#9)
    
     Error: testthat unit tests failed
     Execution halted
Flavor: r-devel-linux-x86_64-fedora-gcc