Last updated on 2022-07-03 22:50:34 CEST.
Flavor | Version | Tinstall | Tcheck | Ttotal | Status | Flags |
---|---|---|---|---|---|---|
r-devel-linux-x86_64-debian-clang | 0.10.7 | 67.68 | 134.98 | 202.66 | NOTE | |
r-devel-linux-x86_64-debian-gcc | 0.10.7 | 59.66 | 99.18 | 158.84 | NOTE | |
r-devel-linux-x86_64-fedora-clang | 0.10.7 | 262.27 | NOTE | |||
r-devel-linux-x86_64-fedora-gcc | 0.10.7 | 262.70 | NOTE | |||
r-devel-windows-x86_64 | 0.10.7 | 321.00 | 175.00 | 496.00 | NOTE | |
r-patched-linux-x86_64 | 0.10.7 | 50.99 | 126.79 | 177.78 | NOTE | |
r-release-linux-x86_64 | 0.10.7 | 44.99 | 125.91 | 170.90 | NOTE | |
r-release-macos-arm64 | 0.10.7 | 66.00 | NOTE | |||
r-release-macos-x86_64 | 0.10.7 | 117.00 | NOTE | |||
r-release-windows-x86_64 | 0.10.7 | 363.00 | 179.00 | 542.00 | NOTE | |
r-oldrel-macos-arm64 | 0.10.7 | 77.00 | NOTE | |||
r-oldrel-macos-x86_64 | 0.10.7 | 118.00 | NOTE | |||
r-oldrel-windows-ix86+x86_64 | 0.10.7 | 114.00 | 156.00 | 270.00 | NOTE |
Version: 0.10.7
Check: LazyData
Result: NOTE
'LazyData' is specified without a 'data' directory
Flavors: r-devel-linux-x86_64-debian-clang, r-devel-linux-x86_64-debian-gcc, r-devel-linux-x86_64-fedora-clang, r-devel-linux-x86_64-fedora-gcc, r-devel-windows-x86_64, r-patched-linux-x86_64, r-release-linux-x86_64, r-release-macos-arm64, r-release-macos-x86_64, r-release-windows-x86_64, r-oldrel-macos-arm64, r-oldrel-macos-x86_64, r-oldrel-windows-ix86+x86_64