CRAN Package Check Results for Package gapfill

Last updated on 2021-08-02 22:54:30 CEST.

Flavor Version Tinstall Tcheck Ttotal Status Flags
r-devel-linux-x86_64-debian-clang 0.9.6-1 27.44 137.33 164.77 OK
r-devel-linux-x86_64-debian-gcc 0.9.6-1 20.04 101.72 121.76 OK
r-devel-linux-x86_64-fedora-clang 0.9.6-1 207.38 OK
r-devel-linux-x86_64-fedora-gcc 0.9.6-1 193.27 OK
r-devel-windows-x86_64 0.9.6-1 46.00 170.00 216.00 OK
r-devel-windows-x86_64-gcc10-UCRT 0.9.6-1 OK
r-patched-linux-x86_64 0.9.6-1 OK
r-patched-solaris-x86 0.9.6-1 258.50 OK
r-release-linux-x86_64 0.9.6-1 18.33 127.21 145.54 OK
r-release-macos-arm64 0.9.6-1 NOTE
r-release-macos-x86_64 0.9.6-1 NOTE
r-release-windows-ix86+x86_64 0.9.6-1 67.00 245.00 312.00 OK
r-oldrel-macos-x86_64 0.9.6-1 NOTE
r-oldrel-windows-ix86+x86_64 0.9.6-1 46.00 251.00 297.00 OK

Check Details

Version: 0.9.6-1
Check: package dependencies
Result: NOTE
    Package which this enhances but not available for checking: ‘doMPI’
Flavors: r-release-macos-arm64, r-release-macos-x86_64, r-oldrel-macos-x86_64