CRAN Package Check Results for Package gasfluxes

Last updated on 2020-02-24 22:50:24 CET.

Flavor Version Tinstall Tcheck Ttotal Status Flags
r-devel-linux-x86_64-debian-clang 0.4-3 16.33 172.02 188.35 OK
r-devel-linux-x86_64-debian-gcc 0.4-3 14.00 126.79 140.79 OK
r-devel-linux-x86_64-fedora-clang 0.4-3 225.74 WARN
r-devel-linux-x86_64-fedora-gcc 0.4-3 226.90 WARN
r-devel-windows-ix86+x86_64 0.4-3 31.00 161.00 192.00 OK
r-devel-windows-ix86+x86_64-gcc8 0.4-3 51.00 226.00 277.00 OK
r-patched-linux-x86_64 0.4-3 14.16 144.58 158.74 OK
r-patched-solaris-x86 0.4-3 287.90 OK
r-release-linux-x86_64 0.4-3 12.52 146.10 158.62 OK
r-release-windows-ix86+x86_64 0.4-3 26.00 146.00 172.00 OK
r-release-osx-x86_64 0.4-3 OK
r-oldrel-windows-ix86+x86_64 0.4-3 18.00 155.00 173.00 OK
r-oldrel-osx-x86_64 0.4-3 OK

Check Details

Version: 0.4-3
Check: whether package can be installed
Result: WARN
    Found the following significant warnings:
     Warning: namespace ‘rgdal’ is not available and has been replaced
Flavors: r-devel-linux-x86_64-fedora-clang, r-devel-linux-x86_64-fedora-gcc