CRAN Package Check Results for Package gaston

Last updated on 2021-07-22 22:52:03 CEST.

Flavor Version Tinstall Tcheck Ttotal Status Flags
r-devel-linux-x86_64-debian-clang 1.5.7 750.12 118.53 868.65 OK
r-devel-linux-x86_64-debian-gcc 1.5.7 533.43 102.68 636.11 OK
r-devel-linux-x86_64-fedora-clang 1.5.7 1286.35 NOTE
r-devel-linux-x86_64-fedora-gcc 1.5.7 1161.59 OK
r-devel-windows-x86_64 1.5.7 603.00 139.00 742.00 NOTE
r-devel-windows-x86_64-gcc10-UCRT 1.5.7 OK
r-patched-linux-x86_64 1.5.7 OK
r-patched-solaris-x86 1.5.7 998.70 NOTE
r-release-linux-x86_64 1.5.7 610.08 129.31 739.39 OK
r-release-macos-arm64 1.5.7 NOTE
r-release-macos-x86_64 1.5.7 NOTE
r-release-windows-ix86+x86_64 1.5.7 1557.00 185.00 1742.00 NOTE
r-oldrel-macos-x86_64 1.5.7 NOTE
r-oldrel-windows-ix86+x86_64 1.5.7 1571.00 184.00 1755.00 NOTE

Check Details

Version: 1.5.7
Check: installed package size
Result: NOTE
     installed size is 74.6Mb
     sub-directories of 1Mb or more:
     extdata 1.6Mb
     libs 71.2Mb
Flavors: r-devel-linux-x86_64-fedora-clang, r-devel-windows-x86_64, r-patched-solaris-x86, r-release-macos-arm64, r-release-macos-x86_64, r-release-windows-ix86+x86_64, r-oldrel-macos-x86_64, r-oldrel-windows-ix86+x86_64

Version: 1.5.7
Check: Rd cross-references
Result: NOTE
    Undeclared package ‘RcppEigen’ in Rd xrefs
Flavor: r-devel-linux-x86_64-fedora-clang