Last updated on 2024-04-19 22:55:46 CEST.
Flavor | Version | Tinstall | Tcheck | Ttotal | Status | Flags |
---|---|---|---|---|---|---|
r-devel-linux-x86_64-debian-clang | 2023.08.31 | 49.76 | 411.58 | 461.34 | NOTE | |
r-devel-linux-x86_64-debian-gcc | 2023.08.31 | NOTE | ||||
r-devel-linux-x86_64-fedora-clang | 2023.08.31 | 574.17 | NOTE | |||
r-devel-linux-x86_64-fedora-gcc | 2023.08.31 | 555.16 | NOTE | |||
r-prerel-macos-arm64 | 2023.08.31 | 127.00 | NOTE | |||
r-prerel-windows-x86_64 | 2023.08.31 | 39.00 | 245.00 | 284.00 | NOTE | |
r-patched-linux-x86_64 | 2023.08.31 | 50.33 | 398.13 | 448.46 | NOTE | |
r-release-linux-x86_64 | 2023.08.31 | 37.11 | 399.17 | 436.28 | OK | |
r-release-macos-arm64 | 2023.08.31 | 133.00 | OK | |||
r-release-macos-x86_64 | 2023.08.31 | 281.00 | OK | |||
r-release-windows-x86_64 | 2023.08.31 | 55.00 | 328.00 | 383.00 | OK | |
r-oldrel-macos-arm64 | 2023.08.31 | 121.00 | OK | |||
r-oldrel-windows-x86_64 | 2023.08.31 | 56.00 | 324.00 | 380.00 | OK |
Version: 2023.08.31
Check: Rd files
Result: NOTE
checkRd: (-1) gbm.auto.Rd:208: Lost braces; missing escapes or markup?
208 | \item Error in if (n.trees > x$n.trees) { : argument is of length zero}. LR or BF probably too low
| ^
Flavors: r-devel-linux-x86_64-debian-clang, r-devel-linux-x86_64-debian-gcc, r-devel-linux-x86_64-fedora-clang, r-devel-linux-x86_64-fedora-gcc, r-prerel-macos-arm64, r-prerel-windows-x86_64, r-patched-linux-x86_64