CRAN Package Check Results for Package gdistance

Last updated on 2024-06-13 22:49:28 CEST.

Flavor Version Tinstall Tcheck Ttotal Status Flags
r-devel-linux-x86_64-debian-clang 1.6.4 58.09 397.24 455.33 OK
r-devel-linux-x86_64-debian-gcc 1.6.4 0.44 1.88 2.32 ERROR
r-devel-linux-x86_64-fedora-clang 1.6.4 549.99 OK
r-devel-linux-x86_64-fedora-gcc 1.6.4 530.04 OK
r-devel-windows-x86_64 1.6.4 40.00 232.00 272.00 OK
r-patched-linux-x86_64 1.6.4 55.69 380.33 436.02 OK
r-release-linux-x86_64 1.6.4 47.03 379.34 426.37 OK
r-release-macos-arm64 1.6.4 117.00 OK
r-release-macos-x86_64 1.6.4 200.00 OK
r-release-windows-x86_64 1.6.4 39.00 230.00 269.00 OK
r-oldrel-macos-arm64 1.6.4 115.00 OK
r-oldrel-macos-x86_64 1.6.4 384.00 OK
r-oldrel-windows-x86_64 1.6.4 50.00 296.00 346.00 OK

Check Details

Version: 1.6.4
Check: package dependencies
Result: ERROR Package required but not available: ‘igraph’ Package suggested but not available for checking: ‘testthat’ See section ‘The DESCRIPTION file’ in the ‘Writing R Extensions’ manual. Flavor: r-devel-linux-x86_64-debian-gcc