CRAN Package Check Results for Package gdns

Last updated on 2021-11-28 22:51:15 CET.

Flavor Version Tinstall Tcheck Ttotal Status Flags
r-devel-linux-x86_64-debian-clang 0.5.0 OK
r-devel-linux-x86_64-debian-gcc 0.5.0 2.10 22.17 24.27 OK
r-devel-linux-x86_64-fedora-clang 0.5.0 48.39 NOTE
r-devel-linux-x86_64-fedora-gcc 0.5.0 37.55 NOTE
r-devel-windows-x86_64-new-UL 0.5.0 9.00 68.00 77.00 OK
r-devel-windows-x86_64-new-TK 0.5.0 NOTE
r-devel-windows-x86_64-old 0.5.0 4.00 48.00 52.00 OK
r-patched-linux-x86_64 0.5.0 2.81 26.62 29.43 OK
r-patched-solaris-x86 0.5.0 58.40 NOTE
r-release-linux-x86_64 0.5.0 2.50 26.91 29.41 OK
r-release-macos-arm64 0.5.0 NOTE
r-release-macos-x86_64 0.5.0 NOTE
r-release-windows-ix86+x86_64 0.5.0 6.00 36.00 42.00 OK
r-oldrel-macos-x86_64 0.5.0 NOTE
r-oldrel-windows-ix86+x86_64 0.5.0 6.00 47.00 53.00 OK

Check Details

Version: 0.5.0
Check: data for non-ASCII characters
Result: NOTE
     Note: found 1 marked UTF-8 string
Flavors: r-devel-linux-x86_64-fedora-clang, r-devel-linux-x86_64-fedora-gcc, r-devel-windows-x86_64-new-TK, r-patched-solaris-x86, r-release-macos-arm64, r-release-macos-x86_64, r-oldrel-macos-x86_64