CRAN Package Check Results for Package gdtools

Last updated on 2022-01-23 22:49:41 CET.

Flavor Version Tinstall Tcheck Ttotal Status Flags
r-devel-linux-x86_64-debian-clang 0.2.3 48.04 36.50 84.54 NOTE
r-devel-linux-x86_64-debian-gcc 0.2.3 30.79 31.78 62.57 NOTE
r-devel-linux-x86_64-fedora-clang 0.2.3 130.34 NOTE
r-devel-linux-x86_64-fedora-gcc 0.2.3 103.08 NOTE
r-devel-windows-x86_64-new-UL 0.2.3 80.00 140.00 220.00 NOTE
r-devel-windows-x86_64-new-TK 0.2.3 NOTE
r-patched-linux-x86_64 0.2.3 39.92 35.87 75.79 NOTE
r-release-linux-x86_64 0.2.3 40.52 36.10 76.62 NOTE
r-release-macos-arm64 0.2.3 NOTE
r-release-macos-x86_64 0.2.3 NOTE
r-release-windows-ix86+x86_64 0.2.3 122.00 95.00 217.00 NOTE
r-oldrel-macos-x86_64 0.2.3 OK
r-oldrel-windows-ix86+x86_64 0.2.3 122.00 84.00 206.00 NOTE

Check Details

Version: 0.2.3
Check: LazyData
Result: NOTE
     'LazyData' is specified without a 'data' directory
Flavors: r-devel-linux-x86_64-debian-clang, r-devel-linux-x86_64-debian-gcc, r-devel-linux-x86_64-fedora-clang, r-devel-linux-x86_64-fedora-gcc, r-devel-windows-x86_64-new-UL, r-devel-windows-x86_64-new-TK, r-patched-linux-x86_64, r-release-linux-x86_64, r-release-macos-arm64, r-release-macos-x86_64, r-release-windows-ix86+x86_64

Version: 0.2.3
Check: installed package size
Result: NOTE
     installed size is 7.3Mb
     sub-directories of 1Mb or more:
     libs 7.2Mb
Flavors: r-devel-windows-x86_64-new-UL, r-release-macos-arm64, r-release-windows-ix86+x86_64, r-oldrel-windows-ix86+x86_64