CRAN Package Check Results for Package gear

Last updated on 2021-07-22 22:52:03 CEST.

Flavor Version Tinstall Tcheck Ttotal Status Flags
r-devel-linux-x86_64-debian-clang 0.3.4 23.94 152.17 176.11 OK
r-devel-linux-x86_64-debian-gcc 0.3.4 16.56 108.41 124.97 OK
r-devel-linux-x86_64-fedora-clang 0.3.4 222.62 OK
r-devel-linux-x86_64-fedora-gcc 0.3.4 207.91 OK
r-devel-windows-x86_64 0.3.4 24.00 167.00 191.00 OK
r-devel-windows-x86_64-gcc10-UCRT 0.3.4 OK
r-patched-linux-x86_64 0.3.4 OK
r-patched-solaris-x86 0.3.4 283.80 OK
r-release-linux-x86_64 0.3.4 18.45 148.11 166.56 OK
r-release-macos-arm64 0.3.4 NOTE
r-release-macos-x86_64 0.3.4 OK
r-release-windows-ix86+x86_64 0.3.4 56.00 263.00 319.00 OK
r-oldrel-macos-x86_64 0.3.4 OK
r-oldrel-windows-ix86+x86_64 0.3.4 61.00 327.00 388.00 OK

Check Details

Version: 0.3.4
Check: package dependencies
Result: NOTE
    Package suggested but not available for checking: ‘sf’
Flavor: r-release-macos-arm64

Version: 0.3.4
Check: Rd cross-references
Result: NOTE
    Package unavailable to check Rd xrefs: ‘sf’
Flavor: r-release-macos-arm64