Last updated on 2023-09-21 23:03:20 CEST.
Flavor | Version | Tinstall | Tcheck | Ttotal | Status | Flags |
---|---|---|---|---|---|---|
r-devel-linux-x86_64-debian-clang | 1.1.1 | 5.30 | 341.04 | 346.34 | OK | |
r-devel-linux-x86_64-debian-gcc | 1.1.1 | 4.54 | 241.91 | 246.45 | OK | |
r-devel-linux-x86_64-fedora-clang | 1.1.1 | 403.79 | NOTE | |||
r-devel-linux-x86_64-fedora-gcc | 1.1.1 | 422.77 | NOTE | |||
r-devel-windows-x86_64 | 1.1.1 | 6.00 | 243.00 | 249.00 | OK | |
r-patched-linux-x86_64 | 1.1.1 | 5.52 | 320.35 | 325.87 | OK | |
r-release-linux-x86_64 | 1.1.1 | 5.60 | 329.61 | 335.21 | OK | |
r-release-macos-arm64 | 1.1.1 | 116.00 | OK | |||
r-release-macos-x86_64 | 1.1.1 | 201.00 | OK | |||
r-release-windows-x86_64 | 1.1.1 | 9.00 | 325.00 | 334.00 | OK | |
r-oldrel-macos-arm64 | 1.1.1 | 86.00 | NOTE | |||
r-oldrel-macos-x86_64 | 1.1.1 | 124.00 | NOTE | |||
r-oldrel-windows-x86_64 | 1.1.1 | 10.00 | 319.00 | 329.00 | OK |
Version: 1.1.1
Check: dependencies in R code
Result: NOTE
Namespace in Imports field not imported from: ‘rootSolve’
All declared Imports should be used.
Flavors: r-devel-linux-x86_64-fedora-clang, r-devel-linux-x86_64-fedora-gcc, r-oldrel-macos-arm64, r-oldrel-macos-x86_64