CRAN Package Check Results for Package geiger

Last updated on 2021-05-13 22:51:00 CEST.

Flavor Version Tinstall Tcheck Ttotal Status Flags
r-devel-linux-x86_64-debian-clang 2.0.7 42.77 162.76 205.53 OK
r-devel-linux-x86_64-debian-gcc 2.0.7 33.50 120.68 154.18 OK
r-devel-linux-x86_64-fedora-clang 2.0.7 265.17 NOTE
r-devel-linux-x86_64-fedora-gcc 2.0.7 262.37 OK
r-devel-windows-ix86+x86_64 2.0.7 105.00 184.00 289.00 OK
r-devel-windows-x86_64-gcc10-UCRT 2.0.7 OK
r-patched-linux-x86_64 2.0.7 43.55 154.89 198.44 OK
r-patched-solaris-x86 2.0.7 298.50 OK
r-release-linux-x86_64 2.0.7 39.32 148.15 187.47 OK
r-release-macos-x86_64 2.0.7 OK
r-release-windows-ix86+x86_64 2.0.7 73.00 247.00 320.00 OK
r-oldrel-macos-x86_64 2.0.7 OK

Check Details

Version: 2.0.7
Check: Rd cross-references
Result: NOTE
    Undeclared package ‘TreeSim’ in Rd xrefs
Flavor: r-devel-linux-x86_64-fedora-clang