Last updated on 2024-04-23 22:55:23 CEST.
Flavor | Version | Tinstall | Tcheck | Ttotal | Status | Flags |
---|---|---|---|---|---|---|
r-devel-linux-x86_64-debian-clang | 0.1.3 | 3.32 | 507.98 | 511.30 | NOTE | |
r-devel-linux-x86_64-debian-gcc | 0.1.3 | 2.34 | 312.00 | 314.34 | NOTE | |
r-devel-linux-x86_64-fedora-clang | 0.1.3 | 575.23 | NOTE | |||
r-devel-linux-x86_64-fedora-gcc | 0.1.3 | 564.01 | NOTE | |||
r-prerel-macos-arm64 | 0.1.3 | 116.00 | NOTE | |||
r-prerel-windows-x86_64 | 0.1.3 | 6.00 | 304.00 | 310.00 | NOTE | |
r-patched-linux-x86_64 | 0.1.3 | 3.38 | 450.31 | 453.69 | NOTE | |
r-release-linux-x86_64 | 0.1.3 | 3.17 | 468.27 | 471.44 | NOTE | |
r-release-macos-arm64 | 0.1.3 | 127.00 | NOTE | |||
r-release-macos-x86_64 | 0.1.3 | 233.00 | NOTE | |||
r-release-windows-x86_64 | 0.1.3 | 6.00 | 399.00 | 405.00 | NOTE | |
r-oldrel-macos-arm64 | 0.1.3 | 115.00 | NOTE | |||
r-oldrel-windows-x86_64 | 0.1.3 | 5.00 | 400.00 | 405.00 | NOTE |
Version: 0.1.3
Check: LazyData
Result: NOTE
'LazyData' is specified without a 'data' directory
Flavors: r-devel-linux-x86_64-debian-clang, r-devel-linux-x86_64-debian-gcc, r-devel-linux-x86_64-fedora-clang, r-devel-linux-x86_64-fedora-gcc, r-prerel-macos-arm64, r-prerel-windows-x86_64, r-patched-linux-x86_64, r-release-linux-x86_64, r-release-macos-arm64, r-release-macos-x86_64, r-release-windows-x86_64, r-oldrel-macos-arm64, r-oldrel-windows-x86_64
Version: 0.1.3
Check: dependencies in R code
Result: NOTE
Namespace in Imports field not imported from: ‘methods’
All declared Imports should be used.
Flavors: r-devel-linux-x86_64-fedora-clang, r-devel-linux-x86_64-fedora-gcc