CRAN Package Check Results for Package gemtc

Last updated on 2024-04-19 22:55:46 CEST.

Flavor Version Tinstall Tcheck Ttotal Status Flags
r-devel-linux-x86_64-debian-clang 1.0-2 12.59 166.47 179.06 NOTE
r-devel-linux-x86_64-debian-gcc 1.0-2 NOTE
r-devel-linux-x86_64-fedora-clang 1.0-2 211.06 NOTE
r-devel-linux-x86_64-fedora-gcc 1.0-2 200.39 NOTE
r-prerel-macos-arm64 1.0-2 57.00 NOTE
r-prerel-windows-x86_64 1.0-2 12.00 127.00 139.00 NOTE
r-patched-linux-x86_64 1.0-2 11.79 153.74 165.53 NOTE
r-release-linux-x86_64 1.0-2 9.55 153.42 162.97 OK
r-release-macos-arm64 1.0-2 47.00 OK
r-release-macos-x86_64 1.0-2 152.00 OK
r-release-windows-x86_64 1.0-2 15.00 168.00 183.00 OK
r-oldrel-macos-arm64 1.0-2 49.00 OK
r-oldrel-windows-x86_64 1.0-2 15.00 174.00 189.00 OK

Check Details

Version: 1.0-2
Check: Rd files
Result: NOTE checkRd: (-1) parkinson.Rd:9: Lost braces in \itemize; meant \describe ? checkRd: (-1) parkinson.Rd:10: Lost braces in \itemize; meant \describe ? checkRd: (-1) parkinson.Rd:11: Lost braces in \itemize; meant \describe ? Flavors: r-devel-linux-x86_64-debian-clang, r-devel-linux-x86_64-debian-gcc, r-devel-linux-x86_64-fedora-clang, r-devel-linux-x86_64-fedora-gcc, r-prerel-macos-arm64, r-prerel-windows-x86_64, r-patched-linux-x86_64