CRAN Package Check Results for Package gemtc

Last updated on 2021-05-05 22:51:35 CEST.

Flavor Version Tinstall Tcheck Ttotal Status Flags
r-devel-linux-x86_64-debian-clang 1.0-0 8.99 121.20 130.19 OK
r-devel-linux-x86_64-debian-gcc 1.0-0 7.68 90.01 97.69 OK
r-devel-linux-x86_64-fedora-clang 1.0-0 161.85 OK
r-devel-linux-x86_64-fedora-gcc 1.0-0 153.83 OK
r-devel-windows-ix86+x86_64 0.8-8 17.00 222.00 239.00 OK
r-devel-windows-x86_64-gcc10-UCRT 1.0-0 ERROR
r-patched-linux-x86_64 1.0-0 9.29 116.38 125.67 OK
r-patched-solaris-x86 1.0-0 198.80 OK
r-release-linux-x86_64 1.0-0 8.35 112.72 121.07 OK
r-release-macos-x86_64 1.0-0 OK
r-release-windows-ix86+x86_64 1.0-0 18.00 197.00 215.00 OK
r-oldrel-macos-x86_64 1.0-0 OK
r-oldrel-windows-ix86+x86_64 0.8-8 18.00 205.00 223.00 OK

Check Details

Version: 1.0-0
Check: whether package can be installed
Result: ERROR
    Installation failed.
Flavor: r-devel-windows-x86_64-gcc10-UCRT