CRAN Package Check Results for Package genBaRcode

Last updated on 2024-03-02 22:41:54 CET.

Flavor Version Tinstall Tcheck Ttotal Status Flags
r-devel-linux-x86_64-debian-clang 1.2.7 0.71 2.12 2.83 ERROR
r-devel-linux-x86_64-debian-gcc 1.2.7 7.89 250.76 258.65 OK
r-devel-linux-x86_64-fedora-clang 1.2.7 380.89 NOTE
r-devel-linux-x86_64-fedora-gcc 1.2.7 395.78 OK
r-devel-windows-x86_64 1.2.7 11.00 381.00 392.00 OK
r-patched-linux-x86_64 1.2.7 7.21 313.46 320.67 OK
r-release-linux-x86_64 1.2.7 6.68 310.48 317.16 OK
r-release-macos-arm64 1.2.7 139.00 OK
r-release-macos-x86_64 1.2.7 237.00 OK
r-release-windows-x86_64 1.2.7 14.00 427.00 441.00 OK
r-oldrel-macos-arm64 1.2.7 131.00 OK
r-oldrel-windows-x86_64 1.2.7 16.00 388.00 404.00 OK

Check Details

Version: 1.2.7
Check: package dependencies
Result: ERROR Package required but not available: ‘ggtree’ See section ‘The DESCRIPTION file’ in the ‘Writing R Extensions’ manual. Flavor: r-devel-linux-x86_64-debian-clang

Version: 1.2.7
Check: package dependencies
Result: NOTE Imports includes 21 non-default packages. Importing from so many packages makes the package vulnerable to any of them becoming unavailable. Move as many as possible to Suggests and use conditionally. Flavor: r-devel-linux-x86_64-fedora-clang