CRAN Package Check Results for Package gencve

Last updated on 2021-05-06 22:55:20 CEST.

Flavor Version Tinstall Tcheck Ttotal Status Flags
r-devel-linux-x86_64-debian-clang 0.3 9.77 87.89 97.66 OK
r-devel-linux-x86_64-debian-gcc 0.3 7.56 64.80 72.36 OK
r-devel-linux-x86_64-fedora-clang 0.3 125.36 OK
r-devel-linux-x86_64-fedora-gcc 0.3 114.36 OK
r-devel-windows-ix86+x86_64 0.3 17.00 111.00 128.00 OK
r-devel-windows-x86_64-gcc10-UCRT 0.3 OK
r-patched-linux-x86_64 0.3 9.03 84.50 93.53 OK
r-patched-solaris-x86 0.3 162.90 OK
r-release-linux-x86_64 0.3 7.73 79.63 87.36 OK
r-release-macos-x86_64 0.3 OK
r-release-windows-ix86+x86_64 0.3 17.00 86.00 103.00 OK
r-oldrel-macos-x86_64 0.3 OK
r-oldrel-windows-ix86+x86_64 0.3 19.00 11.00 30.00 ERROR

Check Details

Version: 0.3
Check: whether package can be installed
Result: ERROR
    Installation failed.
Flavor: r-oldrel-windows-ix86+x86_64