CRAN Package Check Results for Package geneNetBP

Last updated on 2019-08-17 22:46:27 CEST.

Flavor Version Tinstall Tcheck Ttotal Status Flags
r-devel-linux-x86_64-debian-clang 2.0.1 11.19 98.89 110.08 NOTE
r-devel-linux-x86_64-debian-gcc 2.0.1 9.26 79.65 88.91 NOTE
r-devel-linux-x86_64-fedora-clang 2.0.1 135.68 NOTE
r-devel-linux-x86_64-fedora-gcc 2.0.1 135.69 NOTE
r-devel-windows-ix86+x86_64 2.0.1 28.00 187.00 215.00 NOTE
r-patched-linux-x86_64 2.0.1 9.77 98.42 108.19 NOTE
r-patched-solaris-x86 2.0.1 214.40 NOTE
r-release-linux-x86_64 2.0.1 11.20 97.65 108.85 NOTE
r-release-windows-ix86+x86_64 2.0.1 34.00 178.00 212.00 NOTE
r-release-osx-x86_64 2.0.1 ERROR
r-oldrel-windows-ix86+x86_64 2.0.1 20.00 182.00 202.00 NOTE
r-oldrel-osx-x86_64 2.0.1 NOTE

Check Details

Version: 2.0.1
Check: package dependencies
Result: NOTE
    Package suggested but not available for checking: 'RHugin'
Flavors: r-devel-linux-x86_64-debian-clang, r-devel-linux-x86_64-debian-gcc, r-devel-linux-x86_64-fedora-clang, r-devel-linux-x86_64-fedora-gcc, r-devel-windows-ix86+x86_64, r-patched-linux-x86_64, r-patched-solaris-x86, r-release-linux-x86_64, r-release-windows-ix86+x86_64, r-oldrel-windows-ix86+x86_64, r-oldrel-osx-x86_64

Version: 2.0.1
Check: R code for possible problems
Result: NOTE
    fit.dbn: no visible global function definition for 'as'
    Undefined global functions or variables:
     as
    Consider adding
     importFrom("methods", "as")
    to your NAMESPACE file (and ensure that your DESCRIPTION Imports field
    contains 'methods').
Flavors: r-devel-linux-x86_64-debian-clang, r-devel-linux-x86_64-debian-gcc, r-devel-linux-x86_64-fedora-clang, r-devel-linux-x86_64-fedora-gcc, r-devel-windows-ix86+x86_64, r-patched-linux-x86_64, r-patched-solaris-x86, r-release-linux-x86_64, r-release-windows-ix86+x86_64, r-oldrel-windows-ix86+x86_64, r-oldrel-osx-x86_64

Version: 2.0.1
Check: package dependencies
Result: ERROR
    Packages required but not available: 'Rgraphviz', 'graph', 'gRain'
    
    Package suggested but not available for checking: ‘RHugin’
    
    See section ‘The DESCRIPTION file’ in the ‘Writing R Extensions’
    manual.
Flavor: r-release-osx-x86_64