CRAN Package Check Results for Package geneNetBP

Last updated on 2019-12-11 22:51:08 CET.

Flavor Version Tinstall Tcheck Ttotal Status Flags
r-devel-linux-x86_64-debian-clang 2.0.1 12.58 107.31 119.89 NOTE
r-devel-linux-x86_64-debian-gcc 2.0.1 10.87 85.51 96.38 NOTE
r-devel-linux-x86_64-fedora-clang 2.0.1 145.90 NOTE
r-devel-linux-x86_64-fedora-gcc 2.0.1 152.68 NOTE
r-devel-windows-ix86+x86_64 2.0.1 24.00 195.00 219.00 NOTE
r-devel-windows-ix86+x86_64-gcc8 2.0.1 28.00 193.00 221.00 NOTE
r-patched-linux-x86_64 2.0.1 11.66 97.48 109.14 NOTE
r-patched-solaris-x86 2.0.1 219.20 NOTE
r-release-linux-x86_64 2.0.1 9.26 97.67 106.93 NOTE
r-release-windows-ix86+x86_64 2.0.1 22.00 129.00 151.00 NOTE
r-release-osx-x86_64 2.0.1 NOTE
r-oldrel-windows-ix86+x86_64 2.0.1 13.00 143.00 156.00 NOTE
r-oldrel-osx-x86_64 2.0.1 NOTE

Check Details

Version: 2.0.1
Check: package dependencies
Result: NOTE
    Package suggested but not available for checking: 'RHugin'
Flavors: r-devel-linux-x86_64-debian-clang, r-devel-linux-x86_64-debian-gcc, r-devel-linux-x86_64-fedora-clang, r-devel-linux-x86_64-fedora-gcc, r-devel-windows-ix86+x86_64, r-devel-windows-ix86+x86_64-gcc8, r-patched-linux-x86_64, r-patched-solaris-x86, r-release-linux-x86_64, r-release-windows-ix86+x86_64, r-release-osx-x86_64, r-oldrel-windows-ix86+x86_64, r-oldrel-osx-x86_64

Version: 2.0.1
Check: R code for possible problems
Result: NOTE
    fit.dbn: no visible global function definition for 'as'
    Undefined global functions or variables:
     as
    Consider adding
     importFrom("methods", "as")
    to your NAMESPACE file (and ensure that your DESCRIPTION Imports field
    contains 'methods').
Flavors: r-devel-linux-x86_64-debian-clang, r-devel-linux-x86_64-debian-gcc, r-devel-linux-x86_64-fedora-clang, r-devel-linux-x86_64-fedora-gcc, r-devel-windows-ix86+x86_64, r-devel-windows-ix86+x86_64-gcc8, r-patched-linux-x86_64, r-patched-solaris-x86, r-release-linux-x86_64, r-release-windows-ix86+x86_64, r-release-osx-x86_64, r-oldrel-windows-ix86+x86_64, r-oldrel-osx-x86_64