CRAN Package Check Results for Package genepop

Last updated on 2024-03-02 22:41:54 CET.

Flavor Version Tinstall Tcheck Ttotal Status Flags
r-devel-linux-x86_64-debian-clang 1.2.2 159.71 45.66 205.37 NOTE
r-devel-linux-x86_64-debian-gcc 1.2.2 123.13 33.00 156.13 NOTE
r-devel-linux-x86_64-fedora-clang 1.2.2 296.84 NOTE
r-devel-linux-x86_64-fedora-gcc 1.2.2 289.22 NOTE
r-devel-windows-x86_64 1.2.2 109.00 83.00 192.00 NOTE
r-patched-linux-x86_64 1.2.2 159.80 41.62 201.42 NOTE
r-release-linux-x86_64 1.2.2 149.47 41.91 191.38 NOTE
r-release-macos-arm64 1.2.2 75.00 NOTE
r-release-macos-x86_64 1.2.2 120.00 NOTE
r-release-windows-x86_64 1.2.2 138.00 92.00 230.00 NOTE
r-oldrel-macos-arm64 1.2.2 67.00 NOTE
r-oldrel-windows-x86_64 1.2.2 137.00 88.00 225.00 OK

Check Details

Version: 1.2.2
Check: C++ specification
Result: NOTE Specified C++11: please drop specification unless essential Flavors: r-devel-linux-x86_64-debian-clang, r-devel-linux-x86_64-debian-gcc, r-devel-linux-x86_64-fedora-clang, r-devel-linux-x86_64-fedora-gcc, r-devel-windows-x86_64, r-patched-linux-x86_64, r-release-linux-x86_64, r-release-macos-arm64, r-release-macos-x86_64, r-release-windows-x86_64

Version: 1.2.2
Check: installed package size
Result: NOTE installed size is 12.1Mb sub-directories of 1Mb or more: doc 1.5Mb libs 9.7Mb Flavors: r-release-macos-arm64, r-release-macos-x86_64, r-oldrel-macos-arm64