Last updated on 2023-06-07 22:02:43 CEST.
Flavor | Version | Tinstall | Tcheck | Ttotal | Status | Flags |
---|---|---|---|---|---|---|
r-devel-linux-x86_64-debian-clang | 1.3.8.1.3 | 4.81 | 65.45 | 70.26 | OK | |
r-devel-linux-x86_64-debian-gcc | 1.3.8.1.3 | 4.46 | 49.14 | 53.60 | OK | |
r-devel-linux-x86_64-fedora-clang | 1.3.8.1.3 | 86.46 | NOTE | |||
r-devel-linux-x86_64-fedora-gcc | 1.3.8.1.3 | 82.59 | OK | |||
r-devel-windows-x86_64 | 1.3.8.1.3 | 5.00 | 71.00 | 76.00 | OK | |
r-patched-linux-x86_64 | 1.3.8.1.3 | 5.18 | 62.35 | 67.53 | OK | |
r-release-linux-x86_64 | 1.3.8.1.3 | 4.96 | 61.68 | 66.64 | OK | |
r-release-macos-arm64 | 1.3.8.1.3 | 28.00 | OK | |||
r-release-macos-x86_64 | 1.3.8.1.3 | 50.00 | OK | |||
r-release-windows-x86_64 | 1.3.8.1.3 | 6.00 | 78.00 | 84.00 | OK | |
r-oldrel-macos-arm64 | 1.3.8.1.3 | 28.00 | OK | |||
r-oldrel-macos-x86_64 | 1.3.8.1.3 | 42.00 | OK | |||
r-oldrel-windows-x86_64 | 1.3.8.1.3 | 7.00 | 81.00 | 88.00 | OK |
Version: 1.3.8.1.3
Check: Rd cross-references
Result: NOTE
Undeclared package ‘bootstrap’ in Rd xrefs
Flavor: r-devel-linux-x86_64-fedora-clang