CRAN Package Check Results for Package genotypeR

Last updated on 2021-10-20 23:50:10 CEST.

Flavor Version Tinstall Tcheck Ttotal Status Flags
r-devel-linux-x86_64-debian-clang 0.0.1.8 11.39 109.60 120.99 NOTE
r-devel-linux-x86_64-debian-gcc 0.0.1.8 10.31 82.46 92.77 NOTE
r-devel-linux-x86_64-fedora-clang 0.0.1.8 153.33 NOTE
r-devel-linux-x86_64-fedora-gcc 0.0.1.8 141.22 NOTE
r-devel-windows-x86_64 0.0.1.8 17.00 139.00 156.00 NOTE
r-devel-windows-x86_64-gcc10-UCRT 0.0.1.8 NOTE
r-patched-linux-x86_64 0.0.1.8 13.21 101.65 114.86 NOTE
r-patched-solaris-x86 0.0.1.8 198.30 NOTE
r-release-linux-x86_64 0.0.1.8 11.12 105.87 116.99 NOTE
r-release-macos-arm64 0.0.1.8 NOTE
r-release-macos-x86_64 0.0.1.8 NOTE
r-release-windows-ix86+x86_64 0.0.1.8 28.00 133.00 161.00 NOTE
r-oldrel-macos-x86_64 0.0.1.8 NOTE
r-oldrel-windows-ix86+x86_64 0.0.1.8 27.00 134.00 161.00 NOTE

Check Details

Version: 0.0.1.8
Check: package vignettes
Result: NOTE
    Package vignette with placeholder title 'Vignette Title':
     'genotypeR.Rmd'
Flavors: r-devel-linux-x86_64-debian-clang, r-devel-linux-x86_64-debian-gcc, r-devel-windows-x86_64, r-patched-linux-x86_64, r-release-linux-x86_64, r-release-windows-ix86+x86_64, r-oldrel-windows-ix86+x86_64

Version: 0.0.1.8
Check: for non-standard things in the check directory
Result: NOTE
    Found the following files/directories:
     'test.csv' 'test_temp_cross.csv'
Flavors: r-devel-linux-x86_64-debian-clang, r-devel-linux-x86_64-debian-gcc, r-devel-linux-x86_64-fedora-clang, r-devel-linux-x86_64-fedora-gcc, r-patched-linux-x86_64, r-patched-solaris-x86, r-release-linux-x86_64

Version: 0.0.1.8
Check: dependencies in R code
Result: NOTE
    Namespace in Imports field not imported from: ‘colorspace’
     All declared Imports should be used.
Flavors: r-devel-linux-x86_64-fedora-clang, r-devel-linux-x86_64-fedora-gcc, r-devel-windows-x86_64-gcc10-UCRT, r-patched-solaris-x86, r-release-macos-arm64, r-release-macos-x86_64, r-oldrel-macos-x86_64