Last updated on 2023-09-28 23:08:46 CEST.
Flavor | Version | Tinstall | Tcheck | Ttotal | Status | Flags |
---|---|---|---|---|---|---|
r-devel-linux-x86_64-debian-clang | 1.0 | 5.82 | 43.86 | 49.68 | NOTE | |
r-devel-linux-x86_64-debian-gcc | 1.0 | 3.72 | 33.39 | 37.11 | NOTE | |
r-devel-linux-x86_64-fedora-clang | 1.0 | 60.04 | NOTE | |||
r-devel-linux-x86_64-fedora-gcc | 1.0 | 58.32 | NOTE | |||
r-devel-windows-x86_64 | 1.0 | 25.00 | 59.00 | 84.00 | NOTE | |
r-patched-linux-x86_64 | 1.0 | 6.30 | 42.18 | 48.48 | OK | |
r-release-linux-x86_64 | 1.0 | 4.41 | 42.99 | 47.40 | OK | |
r-release-macos-arm64 | 1.0 | 24.00 | OK | |||
r-release-macos-x86_64 | 1.0 | 32.00 | OK | |||
r-release-windows-x86_64 | 1.0 | 7.00 | 62.00 | 69.00 | OK | |
r-oldrel-macos-arm64 | 1.0 | 21.00 | OK | |||
r-oldrel-macos-x86_64 | 1.0 | 33.00 | OK | |||
r-oldrel-windows-x86_64 | 1.0 | 8.00 | 60.00 | 68.00 | OK |
Version: 1.0
Check: Rd \usage sections
Result: NOTE
Documented arguments not in \usage in documentation object 'bin.levels':
‘variable’
Documented arguments not in \usage in documentation object 'info.mox':
‘y:’
Functions with \usage entries need to have the appropriate \alias
entries, and all their arguments documented.
The \usage entries must correspond to syntactically valid R code.
See chapter ‘Writing R documentation files’ in the ‘Writing R
Extensions’ manual.
Flavors: r-devel-linux-x86_64-debian-clang, r-devel-linux-x86_64-debian-gcc, r-devel-linux-x86_64-fedora-clang, r-devel-linux-x86_64-fedora-gcc, r-devel-windows-x86_64