CRAN Package Check Results for Package genpwr

Last updated on 2023-10-02 22:08:00 CEST.

Flavor Version Tinstall Tcheck Ttotal Status Flags
r-devel-linux-x86_64-debian-clang 1.0.4 14.83 226.16 240.99 NOTE
r-devel-linux-x86_64-debian-gcc 1.0.4 13.46 164.85 178.31 NOTE
r-devel-linux-x86_64-fedora-clang 1.0.4 299.89 NOTE
r-devel-linux-x86_64-fedora-gcc 1.0.4 313.73 NOTE
r-devel-windows-x86_64 1.0.4 18.00 189.00 207.00 NOTE
r-patched-linux-x86_64 1.0.4 16.76 209.12 225.88 NOTE
r-release-linux-x86_64 1.0.4 17.24 227.72 244.96 NOTE
r-release-macos-arm64 1.0.4 88.00 NOTE
r-release-macos-x86_64 1.0.4 145.00 NOTE
r-release-windows-x86_64 1.0.4 22.00 236.00 258.00 NOTE
r-oldrel-macos-arm64 1.0.4 70.00 OK
r-oldrel-macos-x86_64 1.0.4 121.00 OK
r-oldrel-windows-x86_64 1.0.4 20.00 230.00 250.00 OK

Check Details

Version: 1.0.4
Check: package subdirectories
Result: NOTE
    Problems with news in ‘NEWS.md’:
    No news entries found.
Flavors: r-devel-linux-x86_64-debian-clang, r-devel-linux-x86_64-debian-gcc, r-devel-linux-x86_64-fedora-clang, r-devel-linux-x86_64-fedora-gcc, r-devel-windows-x86_64, r-patched-linux-x86_64, r-release-linux-x86_64, r-release-macos-arm64, r-release-macos-x86_64, r-release-windows-x86_64