Last updated on 2023-09-23 23:00:47 CEST.
Flavor | Version | Tinstall | Tcheck | Ttotal | Status | Flags |
---|---|---|---|---|---|---|
r-devel-linux-x86_64-debian-clang | 0.1.0 | 1.90 | 179.79 | 181.69 | NOTE | |
r-devel-linux-x86_64-debian-gcc | 0.1.0 | 2.03 | 129.40 | 131.43 | NOTE | |
r-devel-linux-x86_64-fedora-clang | 0.1.0 | 229.34 | NOTE | |||
r-devel-linux-x86_64-fedora-gcc | 0.1.0 | 232.00 | NOTE | |||
r-devel-windows-x86_64 | 0.1.0 | 2.00 | 124.00 | 126.00 | NOTE | |
r-patched-linux-x86_64 | 0.1.0 | 1.84 | 177.72 | 179.56 | NOTE | |
r-release-linux-x86_64 | 0.1.0 | 2.91 | 177.65 | 180.56 | NOTE | |
r-release-macos-arm64 | 0.1.0 | 62.00 | NOTE | |||
r-release-macos-x86_64 | 0.1.0 | 115.00 | NOTE | |||
r-release-windows-x86_64 | 0.1.0 | 5.00 | 174.00 | 179.00 | NOTE | |
r-oldrel-macos-arm64 | 0.1.0 | 51.00 | NOTE | |||
r-oldrel-macos-x86_64 | 0.1.0 | 65.00 | NOTE | |||
r-oldrel-windows-x86_64 | 0.1.0 | 7.00 | 181.00 | 188.00 | NOTE |
Version: 0.1.0
Check: LazyData
Result: NOTE
'LazyData' is specified without a 'data' directory
Flavors: r-devel-linux-x86_64-debian-clang, r-devel-linux-x86_64-debian-gcc, r-devel-linux-x86_64-fedora-clang, r-devel-linux-x86_64-fedora-gcc, r-devel-windows-x86_64, r-patched-linux-x86_64, r-release-linux-x86_64, r-release-macos-arm64, r-release-macos-x86_64, r-release-windows-x86_64, r-oldrel-macos-arm64, r-oldrel-macos-x86_64, r-oldrel-windows-x86_64