Last updated on 2024-03-28 23:01:45 CET.
Flavor | Version | Tinstall | Tcheck | Ttotal | Status | Flags |
---|---|---|---|---|---|---|
r-devel-linux-x86_64-debian-clang | 0.3.4 | 159.85 | 571.70 | 731.55 | OK | |
r-devel-linux-x86_64-debian-gcc | 0.3.4 | 122.36 | 424.01 | 546.37 | OK | |
r-devel-linux-x86_64-fedora-clang | 0.3.4 | 953.15 | NOTE | |||
r-devel-linux-x86_64-fedora-gcc | 0.3.4 | 908.23 | OK | |||
r-devel-windows-x86_64 | 0.3.4 | 119.00 | 457.00 | 576.00 | NOTE | |
r-patched-linux-x86_64 | 0.3.4 | 114.78 | 564.54 | 679.32 | OK | |
r-release-linux-x86_64 | 0.3.4 | 110.01 | 556.05 | 666.06 | OK | |
r-release-macos-arm64 | 0.3.4 | 357.00 | NOTE | |||
r-release-macos-x86_64 | 0.3.4 | 472.00 | NOTE | |||
r-release-windows-x86_64 | 0.3.4 | 153.00 | 593.00 | 746.00 | NOTE | |
r-oldrel-macos-arm64 | 0.3.4 | 293.00 | NOTE | |||
r-oldrel-windows-x86_64 | 0.3.4 | 155.00 | 541.00 | 696.00 | NOTE |
Version: 0.3.4
Check: installed package size
Result: NOTE
installed size is 5.8Mb
sub-directories of 1Mb or more:
extdata 3.0Mb
Flavors: r-devel-linux-x86_64-fedora-clang, r-devel-windows-x86_64, r-release-macos-arm64, r-release-macos-x86_64, r-release-windows-x86_64, r-oldrel-macos-arm64, r-oldrel-windows-x86_64