CRAN Package Check Results for Package geocmeans

Last updated on 2024-02-26 23:03:40 CET.

Flavor Version Tinstall Tcheck Ttotal Status Flags
r-devel-linux-x86_64-debian-clang 0.3.4 164.54 573.58 738.12 OK
r-devel-linux-x86_64-debian-gcc 0.3.4 125.76 425.38 551.14 OK
r-devel-linux-x86_64-fedora-clang 0.3.4 924.65 NOTE
r-devel-linux-x86_64-fedora-gcc 0.3.4 965.59 OK
r-devel-windows-x86_64 0.3.4 118.00 433.00 551.00 NOTE
r-patched-linux-x86_64 0.3.4 115.41 551.42 666.83 OK
r-release-linux-x86_64 0.3.4 114.18 554.03 668.21 OK
r-release-macos-arm64 0.3.4 357.00 NOTE
r-release-macos-x86_64 0.3.4 472.00 NOTE
r-release-windows-x86_64 0.3.4 154.00 566.00 720.00 NOTE
r-oldrel-macos-arm64 0.3.4 293.00 NOTE
r-oldrel-windows-x86_64 0.3.4 161.00 549.00 710.00 NOTE

Additional issues

ATLAS

Check Details

Version: 0.3.4
Check: installed package size
Result: NOTE installed size is 5.8Mb sub-directories of 1Mb or more: extdata 3.0Mb Flavors: r-devel-linux-x86_64-fedora-clang, r-devel-windows-x86_64, r-release-macos-arm64, r-release-macos-x86_64, r-release-windows-x86_64, r-oldrel-macos-arm64, r-oldrel-windows-x86_64