Last updated on 2022-07-04 22:59:12 CEST.
Flavor | Version | Tinstall | Tcheck | Ttotal | Status | Flags |
---|---|---|---|---|---|---|
r-devel-linux-x86_64-debian-clang | 0.2.2 | 148.89 | 818.77 | 967.66 | OK | |
r-devel-linux-x86_64-debian-gcc | 0.2.2 | 109.24 | 560.94 | 670.18 | OK | |
r-devel-linux-x86_64-fedora-clang | 0.2.2 | 1127.89 | NOTE | |||
r-devel-linux-x86_64-fedora-gcc | 0.2.2 | 1095.69 | OK | |||
r-devel-windows-x86_64 | 0.2.2 | 144.00 | 837.00 | 981.00 | NOTE | |
r-patched-linux-x86_64 | 0.2.2 | 127.26 | 732.00 | 859.26 | OK | |
r-release-linux-x86_64 | 0.2.2 | 103.03 | 735.19 | 838.22 | OK | |
r-release-macos-arm64 | 0.2.2 | 226.00 | NOTE | |||
r-release-macos-x86_64 | 0.2.2 | 388.00 | NOTE | |||
r-release-windows-x86_64 | 0.2.2 | 197.00 | 846.00 | 1043.00 | NOTE | |
r-oldrel-macos-arm64 | 0.2.2 | 202.00 | NOTE | |||
r-oldrel-macos-x86_64 | 0.2.2 | 400.00 | NOTE | |||
r-oldrel-windows-ix86+x86_64 | 0.2.2 | 335.00 | 1296.00 | 1631.00 | NOTE |
Version: 0.2.2
Check: installed package size
Result: NOTE
installed size is 8.3Mb
sub-directories of 1Mb or more:
data 2.3Mb
doc 1.9Mb
libs 2.9Mb
Flavors: r-devel-linux-x86_64-fedora-clang, r-devel-windows-x86_64, r-release-macos-arm64, r-release-macos-x86_64, r-release-windows-x86_64, r-oldrel-macos-arm64, r-oldrel-macos-x86_64, r-oldrel-windows-ix86+x86_64