CRAN Package Check Results for Package geodimension

Last updated on 2021-05-06 22:55:20 CEST.

Flavor Version Tinstall Tcheck Ttotal Status Flags
r-devel-linux-x86_64-debian-clang 1.0.0 6.51 162.11 168.62 OK
r-devel-linux-x86_64-debian-gcc 1.0.0 5.41 118.99 124.40 OK
r-devel-linux-x86_64-fedora-clang 1.0.0 205.09 NOTE
r-devel-linux-x86_64-fedora-gcc 1.0.0 195.39 NOTE
r-devel-windows-ix86+x86_64 1.0.0 19.00 205.00 224.00 OK
r-devel-windows-x86_64-gcc10-UCRT 1.0.0 NOTE
r-patched-linux-x86_64 1.0.0 6.25 151.03 157.28 OK
r-patched-solaris-x86 1.0.0 279.30 NOTE
r-release-linux-x86_64 1.0.0 5.30 154.98 160.28 OK
r-release-macos-x86_64 1.0.0 NOTE
r-release-windows-ix86+x86_64 1.0.0 8.00 157.00 165.00 OK
r-oldrel-macos-x86_64 1.0.0 NOTE
r-oldrel-windows-ix86+x86_64 1.0.0 10.00 199.00 209.00 OK

Check Details

Version: 1.0.0
Check: dependencies in R code
Result: NOTE
    Namespaces in Imports field not imported from:
     ‘pander’ ‘readr’ ‘tidyr’
     All declared Imports should be used.
Flavors: r-devel-linux-x86_64-fedora-clang, r-devel-linux-x86_64-fedora-gcc, r-devel-windows-x86_64-gcc10-UCRT, r-patched-solaris-x86, r-release-macos-x86_64, r-oldrel-macos-x86_64

Version: 1.0.0
Check: data for non-ASCII characters
Result: NOTE
     Note: found 80 marked UTF-8 strings
Flavors: r-devel-linux-x86_64-fedora-clang, r-devel-linux-x86_64-fedora-gcc, r-devel-windows-x86_64-gcc10-UCRT, r-patched-solaris-x86, r-release-macos-x86_64, r-oldrel-macos-x86_64