Last updated on 2022-08-12 22:55:57 CEST.
Flavor | Version | Tinstall | Tcheck | Ttotal | Status | Flags |
---|---|---|---|---|---|---|
r-devel-linux-x86_64-debian-clang | 1.0.5 | 59.52 | 803.13 | 862.65 | OK | |
r-devel-linux-x86_64-debian-gcc | 1.0.5 | 48.08 | 556.93 | 605.01 | OK | |
r-devel-linux-x86_64-fedora-clang | 1.0.5 | 963.79 | NOTE | |||
r-devel-linux-x86_64-fedora-gcc | 1.0.5 | 971.81 | NOTE | |||
r-devel-windows-x86_64 | 1.0.5 | 74.00 | 872.00 | 946.00 | OK | |
r-patched-linux-x86_64 | 1.0.5 | 55.09 | 734.80 | 789.89 | OK | |
r-release-linux-x86_64 | 1.0.5 | 53.23 | 739.64 | 792.87 | OK | |
r-release-macos-arm64 | 1.0.5 | 400.00 | NOTE | |||
r-release-macos-x86_64 | 1.0.5 | 538.00 | NOTE | |||
r-release-windows-x86_64 | 1.0.5 | 69.00 | 933.00 | 1002.00 | OK | |
r-oldrel-macos-arm64 | 1.0.5 | 405.00 | NOTE | |||
r-oldrel-macos-x86_64 | 1.0.5 | 519.00 | NOTE | |||
r-oldrel-windows-ix86+x86_64 | 1.0.5 | 138.00 | 1069.00 | 1207.00 | OK |
Version: 1.0.5
Check: dependencies in R code
Result: NOTE
Namespaces in Imports field not imported from:
‘phonTools’ ‘rgdal’ ‘rgeos’
All declared Imports should be used.
Flavors: r-devel-linux-x86_64-fedora-clang, r-devel-linux-x86_64-fedora-gcc, r-release-macos-arm64, r-release-macos-x86_64, r-oldrel-macos-arm64, r-oldrel-macos-x86_64