CRAN Package Check Results for Package geodrawr

Last updated on 2021-05-16 22:49:51 CEST.

Flavor Version Tinstall Tcheck Ttotal Status Flags
r-devel-linux-x86_64-debian-clang 2.0.0 5.43 56.67 62.10 NOTE
r-devel-linux-x86_64-debian-gcc 2.0.0 4.28 42.65 46.93 NOTE
r-devel-linux-x86_64-fedora-clang 2.0.0 84.08 NOTE
r-devel-linux-x86_64-fedora-gcc 2.0.0 71.58 NOTE
r-devel-windows-ix86+x86_64 2.0.0 18.00 67.00 85.00 NOTE
r-devel-windows-x86_64-gcc10-UCRT 2.0.0 NOTE
r-patched-linux-x86_64 2.0.0 5.63 52.65 58.28 NOTE
r-patched-solaris-x86 2.0.0 112.90 NOTE
r-release-linux-x86_64 2.0.0 5.14 52.73 57.87 OK
r-release-macos-x86_64 2.0.0 OK
r-release-windows-ix86+x86_64 2.0.0 11.00 55.00 66.00 OK
r-oldrel-macos-x86_64 2.0.0 OK
r-oldrel-windows-ix86+x86_64 2.0.0 9.00 67.00 76.00 OK

Check Details

Version: 2.0.0
Check: LazyData
Result: NOTE
     'LazyData' is specified without a 'data' directory
Flavors: r-devel-linux-x86_64-debian-clang, r-devel-linux-x86_64-debian-gcc, r-devel-linux-x86_64-fedora-clang, r-devel-linux-x86_64-fedora-gcc, r-devel-windows-ix86+x86_64, r-devel-windows-x86_64-gcc10-UCRT, r-patched-linux-x86_64, r-patched-solaris-x86