CRAN Package Check Results for Package geogrid

Last updated on 2021-08-04 22:55:14 CEST.

Flavor Version Tinstall Tcheck Ttotal Status Flags
r-devel-linux-x86_64-debian-clang 0.1.1 33.61 86.82 120.43 NOTE
r-devel-linux-x86_64-debian-gcc 0.1.1 23.51 65.61 89.12 NOTE
r-devel-linux-x86_64-fedora-clang 0.1.1 162.39 NOTE
r-devel-linux-x86_64-fedora-gcc 0.1.1 146.91 NOTE
r-devel-windows-x86_64 0.1.1 33.00 114.00 147.00 NOTE
r-devel-windows-x86_64-gcc10-UCRT 0.1.1 NOTE
r-patched-linux-x86_64 0.1.1 27.52 84.01 111.53 NOTE
r-patched-solaris-x86 0.1.1 192.50 NOTE
r-release-linux-x86_64 0.1.1 26.04 83.18 109.22 NOTE
r-release-macos-arm64 0.1.1 NOTE
r-release-macos-x86_64 0.1.1 NOTE
r-release-windows-ix86+x86_64 0.1.1 80.00 131.00 211.00 NOTE
r-oldrel-macos-x86_64 0.1.1 OK
r-oldrel-windows-ix86+x86_64 0.1.1 66.00 179.00 245.00 NOTE

Check Details

Version: 0.1.1
Check: LazyData
Result: NOTE
     'LazyData' is specified without a 'data' directory
Flavors: r-devel-linux-x86_64-debian-clang, r-devel-linux-x86_64-debian-gcc, r-devel-linux-x86_64-fedora-clang, r-devel-linux-x86_64-fedora-gcc, r-devel-windows-x86_64, r-devel-windows-x86_64-gcc10-UCRT, r-patched-linux-x86_64, r-patched-solaris-x86, r-release-linux-x86_64, r-release-macos-arm64, r-release-macos-x86_64, r-release-windows-ix86+x86_64

Version: 0.1.1
Check: installed package size
Result: NOTE
     installed size is 5.2Mb
     sub-directories of 1Mb or more:
     extdata 3.1Mb
     libs 2.0Mb
Flavors: r-release-windows-ix86+x86_64, r-oldrel-windows-ix86+x86_64