CRAN Package Check Results for Package geomaroc

Last updated on 2023-09-26 23:04:14 CEST.

Flavor Version Tinstall Tcheck Ttotal Status Flags
r-devel-linux-x86_64-debian-clang 0.1.1 2.41 28.32 30.73 NOTE
r-devel-linux-x86_64-debian-gcc 0.1.1 1.86 21.55 23.41 NOTE
r-devel-linux-x86_64-fedora-clang 0.1.1 38.57 NOTE
r-devel-linux-x86_64-fedora-gcc 0.1.1 49.65 NOTE
r-devel-windows-x86_64 0.1.1 5.00 44.00 49.00 NOTE
r-patched-linux-x86_64 0.1.1 2.48 27.17 29.65 NOTE
r-release-linux-x86_64 0.1.1 2.56 27.59 30.15 NOTE
r-release-macos-arm64 0.1.1 22.00 NOTE
r-release-macos-x86_64 0.1.1 31.00 NOTE
r-release-windows-x86_64 0.1.1 5.00 46.00 51.00 NOTE
r-oldrel-macos-arm64 0.1.1 18.00 NOTE
r-oldrel-macos-x86_64 0.1.1 25.00 NOTE
r-oldrel-windows-x86_64 0.1.1 6.00 48.00 54.00 NOTE

Check Details

Version: 0.1.1
Check: package dependencies
Result: NOTE
    Package suggested but not available for checking: ‘geomarocdata’
Flavors: r-devel-linux-x86_64-debian-clang, r-devel-linux-x86_64-debian-gcc, r-devel-linux-x86_64-fedora-clang, r-devel-linux-x86_64-fedora-gcc, r-devel-windows-x86_64, r-patched-linux-x86_64, r-release-linux-x86_64, r-release-macos-arm64, r-release-macos-x86_64, r-release-windows-x86_64, r-oldrel-macos-arm64, r-oldrel-macos-x86_64, r-oldrel-windows-x86_64