CRAN Package Check Results for Package geometry

Last updated on 2019-08-20 22:47:16 CEST.

Flavor Version Tinstall Tcheck Ttotal Status Flags
r-devel-linux-x86_64-debian-clang 0.4.2 33.55 46.99 80.54 WARN
r-devel-linux-x86_64-debian-gcc 0.4.2 24.08 37.95 62.03 WARN
r-devel-linux-x86_64-fedora-clang 0.4.2 112.91 OK
r-devel-linux-x86_64-fedora-gcc 0.4.2 107.43 WARN
r-devel-windows-ix86+x86_64 0.4.2 119.00 148.00 267.00 OK
r-patched-linux-x86_64 0.4.2 28.93 46.56 75.49 OK
r-patched-solaris-x86 0.4.2 121.70 OK
r-release-linux-x86_64 0.4.2 27.51 47.64 75.15 OK
r-release-windows-ix86+x86_64 0.4.2 82.00 106.00 188.00 OK
r-release-osx-x86_64 0.4.2 OK
r-oldrel-windows-ix86+x86_64 0.4.2 186.00 155.00 341.00 OK
r-oldrel-osx-x86_64 0.4.2 OK

Check Details

Version: 0.4.2
Check: whether package can be installed
Result: WARN
    Found the following significant warnings:
     Rgeometry.c:97:3: warning: ignoring return value of function declared with 'warn_unused_result' attribute [-Wunused-result]
     Rgeometry.c:98:3: warning: ignoring return value of function declared with 'warn_unused_result' attribute [-Wunused-result]
Flavor: r-devel-linux-x86_64-debian-clang

Version: 0.4.2
Check: whether package can be installed
Result: WARN
    Found the following significant warnings:
     Rgeometry.c:97:3: warning: ignoring return value of ‘fgets’, declared with attribute warn_unused_result [-Wunused-result]
     Rgeometry.c:98:3: warning: ignoring return value of ‘fgets’, declared with attribute warn_unused_result [-Wunused-result]
Flavors: r-devel-linux-x86_64-debian-gcc, r-devel-linux-x86_64-fedora-gcc