CRAN Package Check Results for Package geomorph

Last updated on 2021-05-14 23:50:47 CEST.

Flavor Version Tinstall Tcheck Ttotal Status Flags
r-devel-linux-x86_64-debian-clang 4.0.0 22.92 355.79 378.71 OK
r-devel-linux-x86_64-debian-gcc 4.0.0 18.04 268.63 286.67 OK
r-devel-linux-x86_64-fedora-clang 4.0.0 451.23 OK
r-devel-linux-x86_64-fedora-gcc 4.0.0 440.03 OK
r-devel-windows-ix86+x86_64 4.0.0 47.00 304.00 351.00 OK
r-devel-windows-x86_64-gcc10-UCRT 4.0.0 OK
r-patched-linux-x86_64 4.0.0 28.38 338.41 366.79 OK
r-patched-solaris-x86 4.0.0 630.80 OK
r-release-linux-x86_64 4.0.0 22.99 334.98 357.97 OK
r-release-macos-x86_64 4.0.0 OK
r-release-windows-ix86+x86_64 4.0.0 35.00 403.00 438.00 OK
r-oldrel-macos-x86_64 4.0.0 WARN
r-oldrel-windows-ix86+x86_64 4.0.0 32.00 387.00 419.00 OK

Check Details

Version: 4.0.0
Check: whether package can be installed
Result: WARN
    Found the following significant warnings:
     Warning: 'rgl.init' failed, running with 'rgl.useNULL = TRUE'.
Flavor: r-oldrel-macos-x86_64