CRAN Package Check Results for Package geouy

Last updated on 2021-09-22 22:56:25 CEST.

Flavor Version Tinstall Tcheck Ttotal Status Flags
r-devel-linux-x86_64-debian-clang 0.2.5 13.53 119.81 133.34 OK
r-devel-linux-x86_64-debian-gcc 0.2.5 11.40 92.73 104.13 OK
r-devel-linux-x86_64-fedora-clang 0.2.5 167.40 NOTE
r-devel-linux-x86_64-fedora-gcc 0.2.5 152.69 NOTE
r-devel-windows-x86_64 0.2.5 16.00 101.00 117.00 OK
r-devel-windows-x86_64-gcc10-UCRT 0.2.5 ERROR
r-patched-linux-x86_64 0.2.5 13.89 111.50 125.39 OK
r-patched-solaris-x86 0.2.5 226.20 NOTE
r-release-linux-x86_64 0.2.5 13.49 110.95 124.44 OK
r-release-macos-arm64 0.2.5 NOTE
r-release-macos-x86_64 0.2.5 NOTE
r-release-windows-ix86+x86_64 0.2.5 31.00 103.00 134.00 OK
r-oldrel-macos-x86_64 0.2.5 NOTE
r-oldrel-windows-ix86+x86_64 0.2.5 22.00 100.00 122.00 OK

Check Details

Version: 0.2.5
Check: data for non-ASCII characters
Result: NOTE
     Note: found 64 marked Latin-1 strings
     Note: found 25 marked UTF-8 strings
Flavors: r-devel-linux-x86_64-fedora-clang, r-devel-linux-x86_64-fedora-gcc, r-patched-solaris-x86, r-release-macos-arm64, r-release-macos-x86_64, r-oldrel-macos-x86_64

Version: 0.2.5
Check: package dependencies
Result: ERROR
    Packages required but not available: 'ggspatial', 'sf', 'rgdal'
    
    See section 'The DESCRIPTION file' in the 'Writing R Extensions'
    manual.
Flavor: r-devel-windows-x86_64-gcc10-UCRT