CRAN Package Check Results for Package geoviz

Last updated on 2020-02-17 22:49:32 CET.

Flavor Version Tinstall Tcheck Ttotal Status Flags
r-devel-linux-x86_64-debian-clang 0.2.2 3.46 92.11 95.57 OK
r-devel-linux-x86_64-debian-gcc 0.2.2 2.79 70.79 73.58 OK
r-devel-linux-x86_64-fedora-clang 0.2.2 116.06 NOTE
r-devel-linux-x86_64-fedora-gcc 0.2.2 112.20 OK
r-devel-windows-ix86+x86_64 0.2.2 9.00 113.00 122.00 OK
r-devel-windows-ix86+x86_64-gcc8 0.2.2 18.00 145.00 163.00 OK
r-patched-linux-x86_64 0.2.2 2.89 84.24 87.13 OK
r-patched-solaris-x86 0.2.2 190.20 OK
r-release-linux-x86_64 0.2.2 2.52 83.92 86.44 OK
r-release-windows-ix86+x86_64 0.2.2 7.00 105.00 112.00 OK
r-release-osx-x86_64 0.2.2 NOTE
r-oldrel-windows-ix86+x86_64 0.2.2 4.00 108.00 112.00 OK
r-oldrel-osx-x86_64 0.2.2 NOTE

Check Details

Version: 0.2.2
Check: package dependencies
Result: NOTE
    Imports includes 22 non-default packages.
    Importing from so many packages makes the package vulnerable to any of
    them becoming unavailable. Move as many as possible to Suggests and
    use conditionally.
Flavor: r-devel-linux-x86_64-fedora-clang

Version: 0.2.2
Check: dependencies in R code
Result: NOTE
    No protocol specified
Flavors: r-release-osx-x86_64, r-oldrel-osx-x86_64