CRAN Package Check Results for Package gert

Last updated on 2021-07-23 22:53:08 CEST.

Flavor Version Tinstall Tcheck Ttotal Status Flags
r-devel-linux-x86_64-debian-clang 1.3.1 9.28 37.10 46.38 OK
r-devel-linux-x86_64-debian-gcc 1.3.1 5.61 28.84 34.45 OK
r-devel-linux-x86_64-fedora-clang 1.3.1 64.03 OK
r-devel-linux-x86_64-fedora-gcc 1.3.1 53.56 OK
r-devel-windows-x86_64 1.3.1 16.00 65.00 81.00 OK
r-devel-windows-x86_64-gcc10-UCRT 1.3.1 OK
r-patched-linux-x86_64 1.3.1 8.21 35.60 43.81 OK
r-patched-solaris-x86 1.3.1 72.80 OK
r-release-linux-x86_64 1.3.1 6.89 35.48 42.37 OK
r-release-macos-arm64 1.3.1 OK
r-release-macos-x86_64 1.3.1 OK
r-release-windows-ix86+x86_64 1.3.1 31.00 94.00 125.00 NOTE
r-oldrel-macos-x86_64 1.3.1 OK
r-oldrel-windows-ix86+x86_64 1.3.1 31.00 121.00 152.00 NOTE

Check Details

Version: 1.3.1
Check: installed package size
Result: NOTE
     installed size is 7.4Mb
     sub-directories of 1Mb or more:
     libs 7.1Mb
Flavors: r-release-windows-ix86+x86_64, r-oldrel-windows-ix86+x86_64